Last updated on 2025-10-31 02:50:43 CET.
| Flavor | Version | Tinstall | Tcheck | Ttotal | Status | Flags | 
|---|---|---|---|---|---|---|
| r-devel-linux-x86_64-debian-clang | 1.4.0 | 43.21 | 66.69 | 109.90 | OK | |
| r-devel-linux-x86_64-debian-gcc | 1.4.0 | 30.01 | 48.69 | 78.70 | OK | |
| r-devel-linux-x86_64-fedora-clang | 1.4.0 | 83.00 | 115.55 | 198.55 | OK | |
| r-devel-linux-x86_64-fedora-gcc | 1.4.0 | 135.00 | 55.29 | 190.29 | OK | |
| r-devel-windows-x86_64 | 1.4.0 | 55.00 | 114.00 | 169.00 | OK | |
| r-patched-linux-x86_64 | 1.4.0 | 42.43 | 64.23 | 106.66 | OK | |
| r-release-linux-x86_64 | 1.4.0 | 41.15 | 63.90 | 105.05 | OK | |
| r-release-macos-arm64 | 1.4.0 | 19.00 | 31.00 | 50.00 | OK | |
| r-release-macos-x86_64 | 1.4.0 | 31.00 | 67.00 | 98.00 | OK | |
| r-release-windows-x86_64 | 1.4.0 | 59.00 | 109.00 | 168.00 | OK | |
| r-oldrel-macos-arm64 | 1.4.0 | 19.00 | 37.00 | 56.00 | NOTE | |
| r-oldrel-macos-x86_64 | 1.4.0 | 28.00 | 74.00 | 102.00 | NOTE | |
| r-oldrel-windows-x86_64 | 1.4.0 | 64.00 | 132.00 | 196.00 | NOTE | 
Version: 1.4.0
Check: installed package size
Result: NOTE
    installed size is  6.6Mb
    sub-directories of 1Mb or more:
      data   3.8Mb
      libs   2.2Mb
Flavors: r-oldrel-macos-arm64, r-oldrel-macos-x86_64, r-oldrel-windows-x86_64