Last updated on 2025-10-31 02:50:43 CET.
| Flavor | Version | Tinstall | Tcheck | Ttotal | Status | Flags | 
|---|---|---|---|---|---|---|
| r-devel-linux-x86_64-debian-clang | 1.2.0 | 2.35 | 41.78 | 44.13 | NOTE | |
| r-devel-linux-x86_64-debian-gcc | 1.2.0 | 1.74 | 29.86 | 31.60 | NOTE | |
| r-devel-linux-x86_64-fedora-clang | 1.2.0 | 69.78 | OK | |||
| r-devel-linux-x86_64-fedora-gcc | 1.2.0 | 67.85 | OK | |||
| r-devel-windows-x86_64 | 1.2.0 | 4.00 | 62.00 | 66.00 | OK | |
| r-patched-linux-x86_64 | 1.2.0 | 3.20 | 40.85 | 44.05 | OK | |
| r-release-linux-x86_64 | 1.2.0 | 2.73 | 40.57 | 43.30 | OK | |
| r-release-macos-arm64 | 1.2.0 | 2.00 | 26.00 | 28.00 | OK | |
| r-release-macos-x86_64 | 1.2.0 | 3.00 | 47.00 | 50.00 | OK | |
| r-release-windows-x86_64 | 1.2.0 | 5.00 | 64.00 | 69.00 | OK | |
| r-oldrel-macos-arm64 | 1.2.0 | 1.00 | 24.00 | 25.00 | OK | |
| r-oldrel-macos-x86_64 | 1.2.0 | 2.00 | 33.00 | 35.00 | OK | |
| r-oldrel-windows-x86_64 | 1.2.0 | 5.00 | 75.00 | 80.00 | OK | 
Version: 1.2.0
Check: CRAN incoming feasibility
Result: NOTE
  Maintainer: ‘Emmanuel Caron <emmanuelcaron3@gmail.com>’
  
  No Authors@R field in DESCRIPTION.
  Please add one, modifying
    Authors@R: c(person(given = "Emmanuel",
                        family = "Caron",
                        role = c("aut", "cre"),
                        email = "emmanuelcaron3@gmail.com"),
                 person(given = "Jérôme",
                        family = "Dedecker",
                        role = "aut"),
                 person(given = "Bertrand",
                        family = "Michel",
                        role = "aut"))
  as necessary.
  
  The Description field contains
    <arXiv:1906.06583>.
  Please refer to arXiv e-prints via their arXiv DOI <doi:10.48550/arXiv.YYMM.NNNNN>.
Flavors: r-devel-linux-x86_64-debian-clang, r-devel-linux-x86_64-debian-gcc