Last updated on 2025-10-31 02:50:43 CET.
| Flavor | Version | Tinstall | Tcheck | Ttotal | Status | Flags | 
|---|---|---|---|---|---|---|
| r-devel-linux-x86_64-debian-clang | 1.0-5 | 7.31 | 61.78 | 69.09 | NOTE | |
| r-devel-linux-x86_64-debian-gcc | 1.0-5 | 6.12 | 50.75 | 56.87 | NOTE | |
| r-devel-linux-x86_64-fedora-clang | 1.0-5 | 14.00 | 96.65 | 110.65 | NOTE | |
| r-devel-linux-x86_64-fedora-gcc | 1.0-5 | 20.00 | 87.07 | 107.07 | NOTE | |
| r-devel-windows-x86_64 | 1.0-5 | 11.00 | 79.00 | 90.00 | NOTE | |
| r-patched-linux-x86_64 | 1.0-5 | 6.90 | 60.78 | 67.68 | NOTE | |
| r-release-linux-x86_64 | 1.0-5 | 7.12 | 61.66 | 68.78 | NOTE | |
| r-release-macos-arm64 | 1.0-5 | 6.00 | 37.00 | 43.00 | NOTE | |
| r-release-macos-x86_64 | 1.0-5 | 8.00 | 56.00 | 64.00 | NOTE | |
| r-release-windows-x86_64 | 1.0-5 | 12.00 | 82.00 | 94.00 | NOTE | |
| r-oldrel-macos-arm64 | 1.0-5 | 5.00 | 31.00 | 36.00 | NOTE | |
| r-oldrel-macos-x86_64 | 1.0-5 | 7.00 | 57.00 | 64.00 | NOTE | |
| r-oldrel-windows-x86_64 | 1.0-5 | 14.00 | 98.00 | 112.00 | NOTE | 
Version: 1.0-5
Check: CRAN incoming feasibility
Result: NOTE
  Maintainer: ‘Wesley Burr <wesley.burr@gmail.com>’
  
  No Authors@R field in DESCRIPTION.
  Please add one, modifying
    Authors@R: c(person(given = "Wesley",
                        family = "Burr",
                        role = c("aut", "cre"),
                        email = "wesley.burr@gmail.com"),
                 person(given = c("with", "contributions", "from", "Karim"),
                        family = "Rahim",
                        role = "aut"))
  as necessary.
Flavors: r-devel-linux-x86_64-debian-clang, r-devel-linux-x86_64-debian-gcc
Version: 1.0-5
Check: Rd files
Result: NOTE
  checkRd: (-1) slp-package.Rd:38: Escaped LaTeX specials: \&
Flavors: r-devel-linux-x86_64-debian-clang, r-devel-linux-x86_64-debian-gcc, r-devel-linux-x86_64-fedora-clang, r-devel-linux-x86_64-fedora-gcc, r-devel-windows-x86_64, r-patched-linux-x86_64, r-release-linux-x86_64, r-release-macos-arm64, r-release-macos-x86_64, r-release-windows-x86_64, r-oldrel-macos-arm64, r-oldrel-macos-x86_64, r-oldrel-windows-x86_64
Version: 1.0-5
Check: compiled code
Result: NOTE
  File ‘slp/libs/slp.so’:
    Found no calls to: ‘R_registerRoutines’, ‘R_useDynamicSymbols’
  
  It is good practice to register native routines and to disable symbol
  search.
  
  See ‘Writing portable packages’ in the ‘Writing R Extensions’ manual.
Flavors: r-devel-linux-x86_64-fedora-clang, r-devel-linux-x86_64-fedora-gcc