Last updated on 2025-10-30 02:49:13 CET.
| Flavor | Version | Tinstall | Tcheck | Ttotal | Status | Flags | 
|---|---|---|---|---|---|---|
| r-devel-linux-x86_64-debian-clang | 0.1.1 | 1.87 | 19.69 | 21.56 | NOTE | |
| r-devel-linux-x86_64-debian-gcc | 0.1.1 | 1.45 | 16.16 | 17.61 | NOTE | |
| r-devel-linux-x86_64-fedora-clang | 0.1.1 | 31.56 | OK | |||
| r-devel-linux-x86_64-fedora-gcc | 0.1.1 | 29.68 | OK | |||
| r-devel-windows-x86_64 | 0.1.1 | 3.00 | 38.00 | 41.00 | OK | |
| r-patched-linux-x86_64 | 0.1.1 | 1.85 | 18.50 | 20.35 | OK | |
| r-release-linux-x86_64 | 0.1.1 | 1.87 | 18.70 | 20.57 | OK | |
| r-release-macos-arm64 | 0.1.1 | 1.00 | 14.00 | 15.00 | OK | |
| r-release-macos-x86_64 | 0.1.1 | 2.00 | 20.00 | 22.00 | OK | |
| r-release-windows-x86_64 | 0.1.1 | 4.00 | 39.00 | 43.00 | OK | |
| r-oldrel-macos-arm64 | 0.1.1 | 1.00 | 13.00 | 14.00 | NOTE | |
| r-oldrel-macos-x86_64 | 0.1.1 | 2.00 | 19.00 | 21.00 | NOTE | |
| r-oldrel-windows-x86_64 | 0.1.1 | 3.00 | 44.00 | 47.00 | NOTE | 
Version: 0.1.1
Check: CRAN incoming feasibility
Result: NOTE
  Maintainer: ‘Takayuki Kawashima <kawashima@c.titech.ac.jp>’
  
  No Authors@R field in DESCRIPTION.
  Please add one, modifying
    Authors@R: c(person(given = "Toshihiro",
                        family = "Abe",
                        role = "aut",
                        email = "abetosh@ss.nanzan-u.ac.jp"),
                 person(given = "Hironori",
                        family = "Fujisawa",
                        role = "aut",
                        email = "fujisawa@ism.ac.jp"),
                 person(given = "Takayuki",
                        family = "Kawashima",
                        role = c("aut", "cre"),
                        email = "kawashima@c.titech.ac.jp"))
  as necessary.
Flavors: r-devel-linux-x86_64-debian-clang, r-devel-linux-x86_64-debian-gcc
Version: 0.1.1
Check: LazyData
Result: NOTE
    'LazyData' is specified without a 'data' directory
Flavors: r-oldrel-macos-arm64, r-oldrel-macos-x86_64, r-oldrel-windows-x86_64