Last updated on 2025-10-31 02:50:44 CET.
| Flavor | Version | Tinstall | Tcheck | Ttotal | Status | Flags | 
|---|---|---|---|---|---|---|
| r-devel-linux-x86_64-debian-clang | 1.2 | 2.44 | 27.70 | 30.14 | NOTE | |
| r-devel-linux-x86_64-debian-gcc | 1.2 | 2.04 | 21.91 | 23.95 | NOTE | |
| r-devel-linux-x86_64-fedora-clang | 1.2 | 44.08 | NOTE | |||
| r-devel-linux-x86_64-fedora-gcc | 1.2 | 41.77 | NOTE | |||
| r-devel-windows-x86_64 | 1.2 | 4.00 | 47.00 | 51.00 | NOTE | |
| r-patched-linux-x86_64 | 1.2 | 2.78 | 26.34 | 29.12 | NOTE | |
| r-release-linux-x86_64 | 1.2 | 2.65 | 26.14 | 28.79 | NOTE | |
| r-release-macos-arm64 | 1.2 | 2.00 | 16.00 | 18.00 | NOTE | |
| r-release-macos-x86_64 | 1.2 | 2.00 | 29.00 | 31.00 | NOTE | |
| r-release-windows-x86_64 | 1.2 | 5.00 | 47.00 | 52.00 | NOTE | |
| r-oldrel-macos-arm64 | 1.2 | 1.00 | 16.00 | 17.00 | NOTE | |
| r-oldrel-macos-x86_64 | 1.2 | 2.00 | 24.00 | 26.00 | NOTE | |
| r-oldrel-windows-x86_64 | 1.2 | 3.00 | 53.00 | 56.00 | NOTE | 
Version: 1.2
Check: CRAN incoming feasibility
Result: NOTE
  Maintainer: ‘Yang Li <yangli.stat@gmail.com>’
  
  No Authors@R field in DESCRIPTION.
  Please add one, modifying
    Authors@R: c(person(given = "Yang",
                        family = "Li",
                        role = c("aut", "cre"),
                        email = "yangli.stat@gmail.com"),
                 person(given = c("Jun", "S."),
                        family = "Liu",
                        role = "aut"))
  as necessary.
Flavors: r-devel-linux-x86_64-debian-clang, r-devel-linux-x86_64-debian-gcc
Version: 1.2
Check: Rd files
Result: NOTE
  checkRd: (-1) s_soda_pred.Rd:8: Lost braces; missing escapes or markup?
       8 | S-SODA assumes within each slice the X vector follow multivariate normal distribution. This function predicts the response y by reverting the P(X | slice(y)) to P(slice(y) | X), and estimates the E(y|X) as sum_{h} E(y | slice(y)=h, X) P (slice(y)=h | X)
         |                                                                                                                                                                                                                   ^
Flavors: r-devel-linux-x86_64-debian-clang, r-devel-linux-x86_64-debian-gcc, r-devel-linux-x86_64-fedora-clang, r-devel-linux-x86_64-fedora-gcc, r-devel-windows-x86_64, r-patched-linux-x86_64, r-release-linux-x86_64, r-release-macos-arm64, r-release-macos-x86_64, r-release-windows-x86_64, r-oldrel-macos-arm64, r-oldrel-macos-x86_64, r-oldrel-windows-x86_64