Last updated on 2025-10-30 02:49:14 CET.
| Flavor | Version | Tinstall | Tcheck | Ttotal | Status | Flags |
|---|---|---|---|---|---|---|
| r-devel-linux-x86_64-debian-clang | 1.2.2 | 35.08 | 152.92 | 188.00 | OK | |
| r-devel-linux-x86_64-debian-gcc | 1.2.2 | 23.18 | 107.44 | 130.62 | OK | |
| r-devel-linux-x86_64-fedora-clang | 1.2.2 | 275.00 | 58.98 | 333.98 | OK | |
| r-devel-linux-x86_64-fedora-gcc | 1.2.2 | 263.00 | 66.42 | 329.42 | OK | |
| r-devel-windows-x86_64 | 1.2.2 | 41.00 | 165.00 | 206.00 | OK | |
| r-patched-linux-x86_64 | 1.2.2 | 0.36 | 2.02 | 2.38 | ERROR | |
| r-release-linux-x86_64 | 1.2.2 | 33.01 | 144.34 | 177.35 | OK | |
| r-release-macos-arm64 | 1.2.2 | 15.00 | 84.00 | 99.00 | OK | |
| r-release-macos-x86_64 | 1.2.2 | 31.00 | 128.00 | 159.00 | OK | |
| r-release-windows-x86_64 | 1.2.2 | 46.00 | 168.00 | 214.00 | OK | |
| r-oldrel-macos-arm64 | 1.2.2 | 16.00 | 89.00 | 105.00 | OK | |
| r-oldrel-macos-x86_64 | 1.2.2 | 32.00 | 133.00 | 165.00 | OK | |
| r-oldrel-windows-x86_64 | 1.2.2 | 55.00 | 215.00 | 270.00 | OK |
Version: 1.2.2
Check: package dependencies
Result: ERROR
Packages required but not available:
'DelayedArray', 'DelayedMatrixStats', 'GSVA'
See section ‘The DESCRIPTION file’ in the ‘Writing R Extensions’
manual.
Flavor: r-patched-linux-x86_64