Last updated on 2025-10-31 02:50:44 CET.
| Flavor | Version | Tinstall | Tcheck | Ttotal | Status | Flags | 
|---|---|---|---|---|---|---|
| r-devel-linux-x86_64-debian-clang | 1.1 | 3.93 | 46.74 | 50.67 | NOTE | |
| r-devel-linux-x86_64-debian-gcc | 1.1 | 2.94 | 35.78 | 38.72 | NOTE | |
| r-devel-linux-x86_64-fedora-clang | 1.1 | 78.27 | OK | |||
| r-devel-linux-x86_64-fedora-gcc | 1.1 | 337.62 | OK | |||
| r-devel-windows-x86_64 | 1.1 | 5.00 | 69.00 | 74.00 | OK | |
| r-patched-linux-x86_64 | 1.1 | 3.73 | 46.13 | 49.86 | OK | |
| r-release-linux-x86_64 | 1.1 | 3.18 | 45.69 | 48.87 | OK | |
| r-release-macos-arm64 | 1.1 | 2.00 | 88.00 | 90.00 | OK | |
| r-release-macos-x86_64 | 1.1 | 3.00 | 189.00 | 192.00 | OK | |
| r-release-windows-x86_64 | 1.1 | 7.00 | 69.00 | 76.00 | OK | |
| r-oldrel-macos-arm64 | 1.1 | 2.00 | 80.00 | 82.00 | OK | |
| r-oldrel-macos-x86_64 | 1.1 | 3.00 | 149.00 | 152.00 | OK | |
| r-oldrel-windows-x86_64 | 1.1 | 6.00 | 86.00 | 92.00 | OK | 
Version: 1.1
Check: CRAN incoming feasibility
Result: NOTE
  Maintainer: ‘Axel Gandy <a.gandy@imperial.ac.uk>’
  
  No Authors@R field in DESCRIPTION.
  Please add one, modifying
    Authors@R: c(person(given = "Axel",
                        family = "Gandy",
                        role = c("aut", "cre"),
                        email = "a.gandy@imperial.ac.uk"),
                 person(given = c("Jan", "Terje"),
                        family = "Kvaloy.",
                        role = "aut",
                        email = "jan.t.kvaloy@uis.no"))
  as necessary.
  
  Package CITATION file contains call(s) to old-style personList() or
  as.personList().  Please use c() on person objects instead.
  Package CITATION file contains call(s) to old-style citEntry().  Please
  use bibentry() instead.
Flavors: r-devel-linux-x86_64-debian-clang, r-devel-linux-x86_64-debian-gcc