Last updated on 2025-10-31 02:50:44 CET.
| Flavor | Version | Tinstall | Tcheck | Ttotal | Status | Flags | 
|---|---|---|---|---|---|---|
| r-devel-linux-x86_64-debian-clang | 1.4-1 | 24.06 | 284.26 | 308.32 | OK | |
| r-devel-linux-x86_64-debian-gcc | 1.4-1 | 16.44 | 205.29 | 221.73 | OK | |
| r-devel-linux-x86_64-fedora-clang | 1.4-1 | 56.00 | 414.76 | 470.76 | OK | |
| r-devel-linux-x86_64-fedora-gcc | 1.4-1 | 111.00 | 398.84 | 509.84 | OK | |
| r-devel-windows-x86_64 | 1.4-1 | 36.00 | 307.00 | 343.00 | OK | |
| r-patched-linux-x86_64 | 1.4-1 | 25.97 | 272.52 | 298.49 | OK | |
| r-release-linux-x86_64 | 1.4-1 | 22.05 | 271.03 | 293.08 | OK | |
| r-release-macos-arm64 | 1.4-1 | 12.00 | 131.00 | 143.00 | OK | |
| r-release-macos-x86_64 | 1.4-1 | 22.00 | 228.00 | 250.00 | OK | |
| r-release-windows-x86_64 | 1.4-1 | 37.00 | 291.00 | 328.00 | OK | |
| r-oldrel-macos-arm64 | 1.4-1 | 11.00 | 127.00 | 138.00 | NOTE | |
| r-oldrel-macos-x86_64 | 1.4-1 | 21.00 | 233.00 | 254.00 | NOTE | |
| r-oldrel-windows-x86_64 | 1.4-1 | 46.00 | 379.00 | 425.00 | NOTE | 
Version: 1.4-1
Check: installed package size
Result: NOTE
    installed size is  9.7Mb
    sub-directories of 1Mb or more:
      doc   6.0Mb
      etc   2.0Mb
Flavors: r-oldrel-macos-arm64, r-oldrel-macos-x86_64, r-oldrel-windows-x86_64