Last updated on 2025-10-31 02:50:44 CET.
| Flavor | Version | Tinstall | Tcheck | Ttotal | Status | Flags | 
|---|---|---|---|---|---|---|
| r-devel-linux-x86_64-debian-clang | 1.0-4 | 8.61 | 47.84 | 56.45 | NOTE | |
| r-devel-linux-x86_64-debian-gcc | 1.0-4 | 6.42 | 35.54 | 41.96 | NOTE | |
| r-devel-linux-x86_64-fedora-clang | 1.0-4 | 24.00 | 57.19 | 81.19 | NOTE | |
| r-devel-linux-x86_64-fedora-gcc | 1.0-4 | 19.00 | 58.48 | 77.48 | NOTE | |
| r-devel-windows-x86_64 | 1.0-4 | 8.00 | 83.00 | 91.00 | NOTE | |
| r-patched-linux-x86_64 | 1.0-4 | 8.07 | 45.37 | 53.44 | NOTE | |
| r-release-linux-x86_64 | 1.0-4 | 6.42 | 44.78 | 51.20 | NOTE | |
| r-release-macos-arm64 | 1.0-4 | 11.00 | 25.00 | 36.00 | NOTE | |
| r-release-macos-x86_64 | 1.0-4 | 19.00 | 44.00 | 63.00 | NOTE | |
| r-release-windows-x86_64 | 1.0-4 | 8.00 | 99.00 | 107.00 | NOTE | |
| r-oldrel-macos-arm64 | 1.0-4 | 10.00 | 24.00 | 34.00 | NOTE | |
| r-oldrel-macos-x86_64 | 1.0-4 | 16.00 | 43.00 | 59.00 | NOTE | |
| r-oldrel-windows-x86_64 | 1.0-4 | 7.00 | 82.00 | 89.00 | NOTE | 
Version: 1.0-4
Check: Rd files
Result: NOTE
  checkRd: (-1) cylinder.counts.Rd:61-62: Lost braces
      61 | nucleotide, so that \code{a.c} represents the set {\code{aac}, \code{acc}, 
         |                                                   ^
Flavors: r-devel-linux-x86_64-debian-clang, r-devel-linux-x86_64-debian-gcc, r-devel-linux-x86_64-fedora-clang, r-devel-linux-x86_64-fedora-gcc, r-devel-windows-x86_64, r-patched-linux-x86_64, r-release-linux-x86_64, r-release-macos-arm64, r-release-macos-x86_64, r-release-windows-x86_64, r-oldrel-macos-arm64, r-oldrel-macos-x86_64, r-oldrel-windows-x86_64