Last updated on 2025-10-31 02:50:44 CET.
| Flavor | Version | Tinstall | Tcheck | Ttotal | Status | Flags | 
|---|---|---|---|---|---|---|
| r-devel-linux-x86_64-debian-clang | 1.5.1 | 3.20 | 34.93 | 38.13 | NOTE | |
| r-devel-linux-x86_64-debian-gcc | 1.5.1 | 2.37 | 29.48 | 31.85 | NOTE | |
| r-devel-linux-x86_64-fedora-clang | 1.5.1 | 56.06 | OK | |||
| r-devel-linux-x86_64-fedora-gcc | 1.5.1 | 53.74 | OK | |||
| r-devel-windows-x86_64 | 1.5.1 | 5.00 | 57.00 | 62.00 | OK | |
| r-patched-linux-x86_64 | 1.5.1 | 3.11 | 33.27 | 36.38 | OK | |
| r-release-linux-x86_64 | 1.5.1 | 2.99 | 33.23 | 36.22 | OK | |
| r-release-macos-arm64 | 1.5.1 | 2.00 | 20.00 | 22.00 | OK | |
| r-release-macos-x86_64 | 1.5.1 | 3.00 | 30.00 | 33.00 | OK | |
| r-release-windows-x86_64 | 1.5.1 | 6.00 | 58.00 | 64.00 | OK | |
| r-oldrel-macos-arm64 | 1.5.1 | 2.00 | 21.00 | 23.00 | OK | |
| r-oldrel-macos-x86_64 | 1.5.1 | 3.00 | 31.00 | 34.00 | OK | |
| r-oldrel-windows-x86_64 | 1.5.1 | 6.00 | 63.00 | 69.00 | OK | 
Version: 1.5.1
Check: CRAN incoming feasibility
Result: NOTE
  Maintainer: ‘Aaron Robotham <aaron.robotham@uwa.edu.au>’
  
  No Authors@R field in DESCRIPTION.
  Please add one, modifying
    Authors@R: person(given = "Aaron",
                      family = "Robotham",
                      role = c("aut", "cre"),
                      email = "aaron.robotham@uwa.edu.au")
  as necessary.
Flavors: r-devel-linux-x86_64-debian-clang, r-devel-linux-x86_64-debian-gcc