Last updated on 2025-10-31 02:50:44 CET.
| Flavor | Version | Tinstall | Tcheck | Ttotal | Status | Flags | 
|---|---|---|---|---|---|---|
| r-devel-linux-x86_64-debian-clang | 0.4-26 | 64.36 | 49.83 | 114.19 | NOTE | |
| r-devel-linux-x86_64-debian-gcc | 0.4-26 | 41.32 | 36.46 | 77.78 | NOTE | |
| r-devel-linux-x86_64-fedora-clang | 0.4-26 | 102.00 | 107.77 | 209.77 | OK | |
| r-devel-linux-x86_64-fedora-gcc | 0.4-26 | 105.00 | 81.73 | 186.73 | OK | |
| r-devel-windows-x86_64 | 0.4-26 | 72.00 | 77.00 | 149.00 | OK | |
| r-patched-linux-x86_64 | 0.4-26 | 64.29 | 46.53 | 110.82 | OK | |
| r-release-linux-x86_64 | 0.4-26 | 62.34 | 47.19 | 109.53 | OK | |
| r-release-macos-arm64 | 0.4-26 | 23.00 | 23.00 | 46.00 | OK | |
| r-release-macos-x86_64 | 0.4-26 | 28.00 | 49.00 | 77.00 | OK | |
| r-release-windows-x86_64 | 0.4-26 | 73.00 | 81.00 | 154.00 | OK | |
| r-oldrel-macos-arm64 | 0.4-26 | 23.00 | 23.00 | 46.00 | OK | |
| r-oldrel-macos-x86_64 | 0.4-26 | 22.00 | 34.00 | 56.00 | OK | |
| r-oldrel-windows-x86_64 | 0.4-26 | 87.00 | 98.00 | 185.00 | OK | 
Version: 0.4-26
Check: CRAN incoming feasibility
Result: NOTE
  Maintainer: ‘Alexander Robitzsch <robitzsch@ipn.uni-kiel.de>’
  
  No Authors@R field in DESCRIPTION.
  Please add one, modifying
    Authors@R: c(person(given = "Steffen",
                        family = "Nestler",
                        role = "aut"),
                 person(given = "Alexander",
                        family = "Robitzsch",
                        role = c("aut", "cre"),
                        email = "robitzsch@ipn.uni-kiel.de"),
                 person(given = "Oliver",
                        family = "Luedtke",
                        role = "aut"))
  as necessary.
  
  Package CITATION file contains call(s) to old-style personList() or
  as.personList().  Please use c() on person objects instead.
  Package CITATION file contains call(s) to old-style citEntry().  Please
  use bibentry() instead.
Flavors: r-devel-linux-x86_64-debian-clang, r-devel-linux-x86_64-debian-gcc