Last updated on 2025-10-31 02:50:45 CET.
| Flavor | Version | Tinstall | Tcheck | Ttotal | Status | Flags | 
|---|---|---|---|---|---|---|
| r-devel-linux-x86_64-debian-clang | 0.1.0 | 6.48 | 60.26 | 66.74 | NOTE | |
| r-devel-linux-x86_64-debian-gcc | 0.1.0 | 5.23 | 44.67 | 49.90 | NOTE | |
| r-devel-linux-x86_64-fedora-clang | 0.1.0 | 12.00 | 86.37 | 98.37 | OK | |
| r-devel-linux-x86_64-fedora-gcc | 0.1.0 | 15.00 | 80.72 | 95.72 | OK | |
| r-devel-windows-x86_64 | 0.1.0 | 7.00 | 67.00 | 74.00 | OK | |
| r-patched-linux-x86_64 | 0.1.0 | 6.12 | 57.40 | 63.52 | OK | |
| r-release-linux-x86_64 | 0.1.0 | 5.35 | 58.00 | 63.35 | OK | |
| r-release-macos-arm64 | 0.1.0 | 3.00 | 24.00 | 27.00 | OK | |
| r-release-macos-x86_64 | 0.1.0 | 6.00 | 51.00 | 57.00 | OK | |
| r-release-windows-x86_64 | 0.1.0 | 8.00 | 67.00 | 75.00 | OK | |
| r-oldrel-macos-arm64 | 0.1.0 | 3.00 | 27.00 | 30.00 | NOTE | |
| r-oldrel-macos-x86_64 | 0.1.0 | 8.00 | 59.00 | 67.00 | NOTE | |
| r-oldrel-windows-x86_64 | 0.1.0 | 10.00 | 83.00 | 93.00 | NOTE | 
Version: 0.1.0
Check: CRAN incoming feasibility
Result: NOTE
  Maintainer: ‘Yunro Chung <yunro.chung@asu.edu>’
  
  No Authors@R field in DESCRIPTION.
  Please add one, modifying
    Authors@R: person(given = "Yunro",
                      family = "Chung",
                      role = c("cre", "aut"),
                      email = "yunro.chung@asu.edu")
  as necessary.
  
  Found the following \keyword or \concept entries
  which likely give several index terms:
    File ‘surrosurvROC-package.Rd’:
      \keyword{biomarkers, inverse probability weighing, [TRUNCATED]
    File ‘surrosurvROC.Rd’:
      \keyword{biomarkers, inverse probability weighing, [TRUNCATED]
Flavors: r-devel-linux-x86_64-debian-clang, r-devel-linux-x86_64-debian-gcc
Version: 0.1.0
Check: LazyData
Result: NOTE
    'LazyData' is specified without a 'data' directory
Flavors: r-oldrel-macos-arm64, r-oldrel-macos-x86_64, r-oldrel-windows-x86_64