Last updated on 2025-10-30 02:49:14 CET.
| Flavor | Version | Tinstall | Tcheck | Ttotal | Status | Flags | 
|---|---|---|---|---|---|---|
| r-devel-linux-x86_64-debian-clang | 1.0-5 | 12.11 | 103.58 | 115.69 | NOTE | |
| r-devel-linux-x86_64-debian-gcc | 1.0-5 | 8.51 | 73.62 | 82.13 | NOTE | |
| r-devel-linux-x86_64-fedora-clang | 1.0-5 | 28.00 | 146.00 | 174.00 | OK | |
| r-devel-linux-x86_64-fedora-gcc | 1.0-5 | 27.00 | 136.85 | 163.85 | OK | |
| r-devel-windows-x86_64 | 1.0-5 | 13.00 | 101.00 | 114.00 | OK | |
| r-patched-linux-x86_64 | 1.0-5 | 13.17 | 97.03 | 110.20 | OK | |
| r-release-linux-x86_64 | 1.0-5 | 12.10 | 96.09 | 108.19 | OK | |
| r-release-macos-arm64 | 1.0-5 | 5.00 | 38.00 | 43.00 | OK | |
| r-release-macos-x86_64 | 1.0-5 | 9.00 | 78.00 | 87.00 | OK | |
| r-release-windows-x86_64 | 1.0-5 | 13.00 | 102.00 | 115.00 | OK | |
| r-oldrel-macos-arm64 | 1.0-5 | 5.00 | 36.00 | 41.00 | NOTE | |
| r-oldrel-macos-x86_64 | 1.0-5 | 7.00 | 62.00 | 69.00 | NOTE | |
| r-oldrel-windows-x86_64 | 1.0-5 | 18.00 | 133.00 | 151.00 | NOTE | 
Version: 1.0-5
Check: CRAN incoming feasibility
Result: NOTE
  Maintainer: ‘Miki Horiguchi <horiguchimiki@gmail.com>’
  
  No Authors@R field in DESCRIPTION.
  Please add one, modifying
    Authors@R: c(person(given = "Lu",
                        family = "Tian",
                        role = "aut"),
                 person(given = "Hajime",
                        family = "Uno",
                        role = "aut"),
                 person(given = "Miki",
                        family = "Horiguchi",
                        role = c("aut", "cre"),
                        email = "horiguchimiki@gmail.com"))
  as necessary.
Flavors: r-devel-linux-x86_64-debian-clang, r-devel-linux-x86_64-debian-gcc
Version: 1.0-5
Check: LazyData
Result: NOTE
    'LazyData' is specified without a 'data' directory
Flavors: r-oldrel-macos-arm64, r-oldrel-macos-x86_64, r-oldrel-windows-x86_64