Last updated on 2025-10-30 02:49:14 CET.
| Flavor | Version | Tinstall | Tcheck | Ttotal | Status | Flags | 
|---|---|---|---|---|---|---|
| r-devel-linux-x86_64-debian-clang | 0.26 | 12.88 | 125.90 | 138.78 | NOTE | |
| r-devel-linux-x86_64-debian-gcc | 0.26 | 10.32 | 104.12 | 114.44 | NOTE | |
| r-devel-linux-x86_64-fedora-clang | 0.26 | 30.00 | 187.66 | 217.66 | OK | |
| r-devel-linux-x86_64-fedora-gcc | 0.26 | 34.00 | 191.88 | 225.88 | OK | |
| r-devel-windows-x86_64 | 0.26 | 16.00 | 147.00 | 163.00 | OK | |
| r-patched-linux-x86_64 | 0.26 | 14.14 | 122.28 | 136.42 | OK | |
| r-release-linux-x86_64 | 0.26 | 13.51 | 121.34 | 134.85 | OK | |
| r-release-macos-arm64 | 0.26 | 12.00 | 76.00 | 88.00 | OK | |
| r-release-macos-x86_64 | 0.26 | 15.00 | 124.00 | 139.00 | OK | |
| r-release-windows-x86_64 | 0.26 | 17.00 | 155.00 | 172.00 | OK | |
| r-oldrel-macos-arm64 | 0.26 | 8.00 | 65.00 | 73.00 | OK | |
| r-oldrel-macos-x86_64 | 0.26 | 17.00 | 157.00 | 174.00 | OK | |
| r-oldrel-windows-x86_64 | 0.26 | 21.00 | 200.00 | 221.00 | OK | 
Version: 0.26
Check: CRAN incoming feasibility
Result: NOTE
  Maintainer: ‘Alexander Sibley <dcibioinformatics@duke.edu>’
  
  No Authors@R field in DESCRIPTION.
  Please add one, modifying
    Authors@R: c(person(given = "Kouros",
                        family = "Owzar",
                        role = "aut"),
                 person(given = "Zhiguo",
                        family = "Li",
                        role = "aut"),
                 person(given = "Nancy",
                        family = "Cox",
                        role = "aut"),
                 person(given = "Sin-Ho",
                        family = "Jung",
                        role = "aut"),
                 person(given = "Chanhee",
                        family = "Yi",
                        role = "aut"),
                 person(given = "Alexander",
                        family = "Sibley",
                        role = "cre",
                        email = "dcibioinformatics@duke.edu"))
  as necessary.
  
  Package CITATION file contains call(s) to old-style personList() or
  as.personList().  Please use c() on person objects instead.
  Package CITATION file contains call(s) to old-style citEntry().  Please
  use bibentry() instead.
Flavors: r-devel-linux-x86_64-debian-clang, r-devel-linux-x86_64-debian-gcc