Last updated on 2025-10-30 02:49:14 CET.
| Flavor | Version | Tinstall | Tcheck | Ttotal | Status | Flags | 
|---|---|---|---|---|---|---|
| r-devel-linux-x86_64-debian-clang | 0.1.1 | 4.05 | 45.13 | 49.18 | NOTE | |
| r-devel-linux-x86_64-debian-gcc | 0.1.1 | 2.79 | 33.49 | 36.28 | NOTE | |
| r-devel-linux-x86_64-fedora-clang | 0.1.1 | 69.93 | OK | |||
| r-devel-linux-x86_64-fedora-gcc | 0.1.1 | 66.41 | OK | |||
| r-devel-windows-x86_64 | 0.1.1 | 5.00 | 56.00 | 61.00 | OK | |
| r-patched-linux-x86_64 | 0.1.1 | 3.64 | 39.82 | 43.46 | OK | |
| r-release-linux-x86_64 | 0.1.1 | 4.14 | 39.94 | 44.08 | OK | |
| r-release-macos-arm64 | 0.1.1 | 2.00 | 25.00 | 27.00 | OK | |
| r-release-macos-x86_64 | 0.1.1 | 4.00 | 41.00 | 45.00 | OK | |
| r-release-windows-x86_64 | 0.1.1 | 8.00 | 59.00 | 67.00 | OK | |
| r-oldrel-macos-arm64 | 0.1.1 | 2.00 | 21.00 | 23.00 | OK | |
| r-oldrel-macos-x86_64 | 0.1.1 | 4.00 | 37.00 | 41.00 | OK | |
| r-oldrel-windows-x86_64 | 0.1.1 | 8.00 | 69.00 | 77.00 | OK | 
Version: 0.1.1
Check: CRAN incoming feasibility
Result: NOTE
  Maintainer: ‘Josef Fruehwald <jofrhwld@gmail.com>’
  
  No Authors@R field in DESCRIPTION.
  Please add one, modifying
    Authors@R: person(given = "Josef",
                      family = "Fruehwald",
                      role = c("aut", "cre"),
                      email = "jofrhwld@gmail.com")
  as necessary.
Flavors: r-devel-linux-x86_64-debian-clang, r-devel-linux-x86_64-debian-gcc