Last updated on 2025-10-30 02:49:14 CET.
| Flavor | Version | Tinstall | Tcheck | Ttotal | Status | Flags | 
|---|---|---|---|---|---|---|
| r-devel-linux-x86_64-debian-clang | 2.1.2 | 3.60 | 57.29 | 60.89 | NOTE | |
| r-devel-linux-x86_64-debian-gcc | 2.1.2 | 2.27 | 44.26 | 46.53 | NOTE | |
| r-devel-linux-x86_64-fedora-clang | 2.1.2 | 91.29 | OK | |||
| r-devel-linux-x86_64-fedora-gcc | 2.1.2 | 98.80 | OK | |||
| r-devel-windows-x86_64 | 2.1.2 | 6.00 | 85.00 | 91.00 | NOTE | |
| r-patched-linux-x86_64 | 2.1.2 | 4.03 | 52.62 | 56.65 | NOTE | |
| r-release-linux-x86_64 | 2.1.2 | 3.57 | 53.41 | 56.98 | NOTE | |
| r-release-macos-arm64 | 2.1.2 | 2.00 | 53.00 | 55.00 | OK | |
| r-release-macos-x86_64 | 2.1.2 | 3.00 | 89.00 | 92.00 | OK | |
| r-release-windows-x86_64 | 2.1.2 | 6.00 | 85.00 | 91.00 | NOTE | |
| r-oldrel-macos-arm64 | 2.1.2 | 2.00 | 39.00 | 41.00 | NOTE | |
| r-oldrel-macos-x86_64 | 2.1.2 | 3.00 | 55.00 | 58.00 | NOTE | |
| r-oldrel-windows-x86_64 | 2.1.2 | 7.00 | 102.00 | 109.00 | NOTE | 
Version: 2.1.2
Check: Rd cross-references
Result: NOTE
  Found the following Rd file(s) with Rd \link{} targets missing package
  anchors:
    tableHTML_output.Rd: uiOutput
  Please provide package anchors for all Rd \link{} targets not in the
  package itself and the base packages.
Flavors: r-devel-linux-x86_64-debian-clang, r-devel-linux-x86_64-debian-gcc, r-devel-windows-x86_64, r-patched-linux-x86_64, r-release-linux-x86_64, r-release-windows-x86_64
Version: 2.1.2
Check: installed package size
Result: NOTE
    installed size is  6.1Mb
    sub-directories of 1Mb or more:
      doc   5.9Mb
Flavors: r-oldrel-macos-arm64, r-oldrel-macos-x86_64, r-oldrel-windows-x86_64