CRAN Package Check Results for Package teda

Last updated on 2025-11-02 03:51:58 CET.

Flavor Version Tinstall Tcheck Ttotal Status Flags
r-devel-linux-x86_64-debian-clang 0.1.1 1.71 21.05 22.76 OK
r-devel-linux-x86_64-debian-gcc 0.1.1 1.44 17.54 18.98 OK
r-devel-linux-x86_64-fedora-clang 0.1.1 32.58 OK
r-devel-linux-x86_64-fedora-gcc 0.1.1 30.44 OK
r-devel-windows-x86_64 0.1.1 3.00 40.00 43.00 OK
r-patched-linux-x86_64 0.1.1 1.78 19.96 21.74 OK
r-release-linux-x86_64 0.1.1 1.78 19.87 21.65 OK
r-release-macos-arm64 0.1.1 1.00 14.00 15.00 OK
r-release-macos-x86_64 0.1.1 2.00 21.00 23.00 OK
r-release-windows-x86_64 0.1.1 2.00 39.00 41.00 OK
r-oldrel-macos-arm64 0.1.1 1.00 14.00 15.00 NOTE
r-oldrel-macos-x86_64 0.1.1 1.00 20.00 21.00 NOTE
r-oldrel-windows-x86_64 0.1.1 3.00 46.00 49.00 NOTE

Check Details

Version: 0.1.1
Check: LazyData
Result: NOTE 'LazyData' is specified without a 'data' directory Flavors: r-oldrel-macos-arm64, r-oldrel-macos-x86_64, r-oldrel-windows-x86_64