Last updated on 2025-10-30 02:49:15 CET.
| Flavor | Version | Tinstall | Tcheck | Ttotal | Status | Flags | 
|---|---|---|---|---|---|---|
| r-devel-linux-x86_64-debian-clang | 3.0 | 3.73 | 25.96 | 29.69 | NOTE | |
| r-devel-linux-x86_64-debian-gcc | 3.0 | 2.83 | 20.69 | 23.52 | NOTE | |
| r-devel-linux-x86_64-fedora-clang | 3.0 | 44.75 | OK | |||
| r-devel-linux-x86_64-fedora-gcc | 3.0 | 42.12 | OK | |||
| r-devel-windows-x86_64 | 3.0 | 6.00 | 43.00 | 49.00 | OK | |
| r-patched-linux-x86_64 | 3.0 | 3.36 | 24.71 | 28.07 | OK | |
| r-release-linux-x86_64 | 3.0 | 3.71 | 24.71 | 28.42 | OK | |
| r-release-macos-arm64 | 3.0 | 3.00 | 15.00 | 18.00 | OK | |
| r-release-macos-x86_64 | 3.0 | 5.00 | 24.00 | 29.00 | OK | |
| r-release-windows-x86_64 | 3.0 | 7.00 | 46.00 | 53.00 | OK | |
| r-oldrel-macos-arm64 | 3.0 | 3.00 | 15.00 | 18.00 | OK | |
| r-oldrel-macos-x86_64 | 3.0 | 5.00 | 22.00 | 27.00 | OK | |
| r-oldrel-windows-x86_64 | 3.0 | 6.00 | 50.00 | 56.00 | OK | 
Version: 3.0
Check: CRAN incoming feasibility
Result: NOTE
  Maintainer: ‘Yuchen Zeng <yzeng58@wisc.edu>’
  
  No Authors@R field in DESCRIPTION.
  Please add one, modifying
    Authors@R: c(person(given = "Miaoyan",
                        family = "Wang",
                        role = "aut"),
                 person(given = "Yuchen",
                        family = "Zeng",
                        role = c("aut", "cre"),
                        email = "yzeng58@wisc.edu"))
  as necessary.
Flavors: r-devel-linux-x86_64-debian-clang, r-devel-linux-x86_64-debian-gcc