Last updated on 2025-07-24 02:52:28 CEST.
Flavor | Version | Tinstall | Tcheck | Ttotal | Status | Flags |
---|---|---|---|---|---|---|
r-devel-linux-x86_64-debian-clang | 0.6.4 | 58.52 | 161.46 | 219.98 | NOTE | |
r-devel-linux-x86_64-debian-gcc | 0.6.4 | 40.96 | 100.53 | 141.49 | NOTE | |
r-devel-linux-x86_64-fedora-clang | 0.6.4 | 359.26 | OK | |||
r-devel-linux-x86_64-fedora-gcc | 0.6.4 | 380.12 | OK | |||
r-devel-windows-x86_64 | 0.6.4 | 68.00 | 166.00 | 234.00 | NOTE | |
r-patched-linux-x86_64 | 0.6.4 | 60.71 | 150.67 | 211.38 | NOTE | |
r-release-linux-x86_64 | 0.6.4 | 59.75 | 151.27 | 211.02 | NOTE | |
r-release-macos-arm64 | 0.6.4 | 130.00 | OK | |||
r-release-macos-x86_64 | 0.6.4 | 217.00 | OK | |||
r-release-windows-x86_64 | 0.6.4 | 68.00 | 167.00 | 235.00 | NOTE | |
r-oldrel-macos-arm64 | 0.6.4 | 107.00 | NOTE | |||
r-oldrel-macos-x86_64 | 0.6.4 | 162.00 | NOTE | |||
r-oldrel-windows-x86_64 | 0.6.4 | 82.00 | 251.00 | 333.00 | OK |
Version: 0.6.4
Check: Rd cross-references
Result: NOTE
Found the following Rd file(s) with Rd \link{} targets missing package
anchors:
BNS.Rd: R6Class
Collocations.Rd: R6Class
LatentDirichletAllocation.Rd: R6Class
LatentSemanticAnalysis.Rd: R6Class
RelaxedWordMoversDistance.Rd: R6Class
TfIdf.Rd: R6Class
Please provide package anchors for all Rd \link{} targets not in the
package itself and the base packages.
Flavors: r-devel-linux-x86_64-debian-clang, r-devel-linux-x86_64-debian-gcc, r-devel-windows-x86_64, r-patched-linux-x86_64, r-release-linux-x86_64, r-release-windows-x86_64
Version: 0.6.4
Check: installed package size
Result: NOTE
installed size is 7.6Mb
sub-directories of 1Mb or more:
data 2.7Mb
libs 4.0Mb
Flavors: r-oldrel-macos-arm64, r-oldrel-macos-x86_64