Last updated on 2025-10-31 02:50:45 CET.
| Flavor | Version | Tinstall | Tcheck | Ttotal | Status | Flags | 
|---|---|---|---|---|---|---|
| r-devel-linux-x86_64-debian-clang | 1.0.3 | 6.52 | 57.83 | 64.35 | NOTE | |
| r-devel-linux-x86_64-debian-gcc | 1.0.3 | 4.64 | 43.33 | 47.97 | NOTE | |
| r-devel-linux-x86_64-fedora-clang | 1.0.3 | 14.00 | 82.54 | 96.54 | OK | |
| r-devel-linux-x86_64-fedora-gcc | 1.0.3 | 13.00 | 79.77 | 92.77 | OK | |
| r-devel-windows-x86_64 | 1.0.3 | 8.00 | 73.00 | 81.00 | OK | |
| r-patched-linux-x86_64 | 1.0.3 | 6.18 | 55.59 | 61.77 | OK | |
| r-release-linux-x86_64 | 1.0.3 | 6.14 | 55.31 | 61.45 | OK | |
| r-release-macos-arm64 | 1.0.3 | 3.00 | 33.00 | 36.00 | OK | |
| r-release-macos-x86_64 | 1.0.3 | 5.00 | 66.00 | 71.00 | OK | |
| r-release-windows-x86_64 | 1.0.3 | 8.00 | 76.00 | 84.00 | OK | |
| r-oldrel-macos-arm64 | 1.0.3 | 3.00 | 31.00 | 34.00 | OK | |
| r-oldrel-macos-x86_64 | 1.0.3 | 5.00 | 50.00 | 55.00 | OK | |
| r-oldrel-windows-x86_64 | 1.0.3 | 10.00 | 85.00 | 95.00 | OK | 
Version: 1.0.3
Check: CRAN incoming feasibility
Result: NOTE
  Maintainer: ‘Tao Xiao <taoxiao1@gmail.com>’
  
  No Authors@R field in DESCRIPTION.
  Please add one, modifying
    Authors@R: person(given = "Tao",
                      family = "Xiao",
                      role = c("aut", "cre"),
                      email = "taoxiao1@gmail.com")
  as necessary.
  
  Package CITATION file contains call(s) to old-style personList() or
  as.personList().  Please use c() on person objects instead.
  Package CITATION file contains call(s) to old-style citEntry().  Please
  use bibentry() instead.
Flavors: r-devel-linux-x86_64-debian-clang, r-devel-linux-x86_64-debian-gcc