Last updated on 2025-10-31 02:50:45 CET.
| Flavor | Version | Tinstall | Tcheck | Ttotal | Status | Flags | 
|---|---|---|---|---|---|---|
| r-devel-linux-x86_64-debian-clang | 0.12.5 | 272.32 | 180.81 | 453.13 | OK | |
| r-devel-linux-x86_64-debian-gcc | 0.12.5 | 243.62 | 146.04 | 389.66 | OK | |
| r-devel-linux-x86_64-fedora-clang | 0.12.5 | 489.00 | 202.08 | 691.08 | OK | |
| r-devel-linux-x86_64-fedora-gcc | 0.12.5 | 720.00 | 169.61 | 889.61 | OK | |
| r-devel-windows-x86_64 | 0.12.5 | 301.00 | 214.00 | 515.00 | OK | |
| r-patched-linux-x86_64 | 0.12.5 | 312.25 | 196.55 | 508.80 | OK | |
| r-release-linux-x86_64 | 0.12.5 | 322.48 | 195.35 | 517.83 | OK | |
| r-release-macos-arm64 | 0.12.5 | 110.00 | 66.00 | 176.00 | OK | |
| r-release-macos-x86_64 | 0.12.5 | 154.00 | 148.00 | 302.00 | OK | |
| r-release-windows-x86_64 | 0.12.5 | 309.00 | 211.00 | 520.00 | OK | |
| r-oldrel-macos-arm64 | 0.12.5 | 57.00 | 44.00 | 101.00 | NOTE | |
| r-oldrel-macos-x86_64 | 0.12.5 | 71.00 | 78.00 | 149.00 | NOTE | |
| r-oldrel-windows-x86_64 | 0.12.5 | 338.00 | 278.00 | 616.00 | NOTE | 
Version: 0.12.5
Check: installed package size
Result: NOTE
    installed size is 84.4Mb
    sub-directories of 1Mb or more:
      libs  84.0Mb
Flavors: r-oldrel-macos-arm64, r-oldrel-macos-x86_64
Version: 0.12.5
Check: for GNU extensions in Makefiles
Result: NOTE
  GNU make is a SystemRequirements.
Flavors: r-oldrel-macos-arm64, r-oldrel-macos-x86_64, r-oldrel-windows-x86_64