Last updated on 2025-07-23 02:54:12 CEST.
Flavor | Version | Tinstall | Tcheck | Ttotal | Status | Flags |
---|---|---|---|---|---|---|
r-devel-linux-x86_64-debian-clang | 1.11.6 | 17.86 | 303.89 | 321.75 | OK | |
r-devel-linux-x86_64-debian-gcc | 1.12.2 | 13.05 | 222.80 | 235.85 | OK | |
r-devel-linux-x86_64-fedora-clang | 1.12.2 | 543.19 | OK | |||
r-devel-linux-x86_64-fedora-gcc | 1.12.2 | 527.35 | OK | |||
r-devel-windows-x86_64 | 1.11.6 | 20.00 | 226.00 | 246.00 | OK | |
r-patched-linux-x86_64 | 1.11.6 | 16.41 | 286.95 | 303.36 | OK | |
r-release-linux-x86_64 | 1.11.6 | 19.03 | 290.35 | 309.38 | OK | |
r-release-macos-arm64 | 1.11.6 | 117.00 | OK | |||
r-release-macos-x86_64 | 1.12.2 | 249.00 | OK | |||
r-release-windows-x86_64 | 1.12.2 | 19.00 | 237.00 | 256.00 | OK | |
r-oldrel-macos-arm64 | 1.11.6 | 116.00 | NOTE | |||
r-oldrel-macos-x86_64 | 1.12.2 | 218.00 | NOTE | |||
r-oldrel-windows-x86_64 | 1.11.6 | 24.00 | 308.00 | 332.00 | NOTE |
Version: 1.11.6
Check: installed package size
Result: NOTE
installed size is 5.4Mb
sub-directories of 1Mb or more:
doc 4.5Mb
Flavors: r-oldrel-macos-arm64, r-oldrel-windows-x86_64
Version: 1.12.2
Check: installed package size
Result: NOTE
installed size is 5.7Mb
sub-directories of 1Mb or more:
doc 4.7Mb
Flavor: r-oldrel-macos-x86_64