Last updated on 2025-10-31 02:50:46 CET.
| Flavor | Version | Tinstall | Tcheck | Ttotal | Status | Flags | 
|---|---|---|---|---|---|---|
| r-devel-linux-x86_64-debian-clang | 0.2-13 | 3.72 | 26.40 | 30.12 | NOTE | |
| r-devel-linux-x86_64-debian-gcc | 0.2-13 | 2.75 | 21.22 | 23.97 | NOTE | |
| r-devel-linux-x86_64-fedora-clang | 0.2-13 | 42.77 | OK | |||
| r-devel-linux-x86_64-fedora-gcc | 0.2-13 | 42.96 | OK | |||
| r-devel-windows-x86_64 | 0.2-13 | 9.00 | 50.00 | 59.00 | OK | |
| r-patched-linux-x86_64 | 0.2-13 | 3.76 | 24.93 | 28.69 | OK | |
| r-release-linux-x86_64 | 0.2-13 | 3.18 | 24.77 | 27.95 | OK | |
| r-release-macos-arm64 | 0.2-13 | 4.00 | 20.00 | 24.00 | OK | |
| r-release-macos-x86_64 | 0.2-13 | 4.00 | 28.00 | 32.00 | OK | |
| r-release-windows-x86_64 | 0.2-13 | 11.00 | 52.00 | 63.00 | OK | |
| r-oldrel-macos-arm64 | 0.2-13 | 3.00 | 24.00 | 27.00 | OK | |
| r-oldrel-macos-x86_64 | 0.2-13 | 4.00 | 25.00 | 29.00 | OK | |
| r-oldrel-windows-x86_64 | 0.2-13 | 11.00 | 59.00 | 70.00 | OK | 
Version: 0.2-13
Check: CRAN incoming feasibility
Result: NOTE
  Maintainer: ‘Jian Li <rweibo@sina.com>’
  
  No Authors@R field in DESCRIPTION.
  Please add one, modifying
    Authors@R: person(given = "Jian",
                      family = "Li",
                      role = c("aut", "cre"),
                      email = "rweibo@sina.com")
  as necessary.
Flavors: r-devel-linux-x86_64-debian-clang, r-devel-linux-x86_64-debian-gcc