Last updated on 2025-10-30 02:49:15 CET.
| Flavor | Version | Tinstall | Tcheck | Ttotal | Status | Flags | 
|---|---|---|---|---|---|---|
| r-devel-linux-x86_64-debian-clang | 3.0.16 | 10.05 | 82.51 | 92.56 | NOTE | |
| r-devel-linux-x86_64-debian-gcc | 3.0.16 | 7.38 | 59.56 | 66.94 | NOTE | |
| r-devel-linux-x86_64-fedora-clang | 3.0.16 | 24.00 | 115.65 | 139.65 | OK | |
| r-devel-linux-x86_64-fedora-gcc | 3.0.16 | 20.00 | 113.99 | 133.99 | OK | |
| r-devel-windows-x86_64 | 3.0.16 | 11.00 | 100.00 | 111.00 | OK | |
| r-patched-linux-x86_64 | 3.0.16 | 10.66 | 78.20 | 88.86 | OK | |
| r-release-linux-x86_64 | 3.0.16 | 9.29 | 78.49 | 87.78 | OK | |
| r-release-macos-arm64 | 3.0.16 | 5.00 | 41.00 | 46.00 | OK | |
| r-release-macos-x86_64 | 3.0.16 | 10.00 | 68.00 | 78.00 | OK | |
| r-release-windows-x86_64 | 3.0.16 | 11.00 | 102.00 | 113.00 | OK | |
| r-oldrel-macos-arm64 | 3.0.16 | 5.00 | 38.00 | 43.00 | OK | |
| r-oldrel-macos-x86_64 | 3.0.16 | 7.00 | 54.00 | 61.00 | OK | |
| r-oldrel-windows-x86_64 | 3.0.16 | 14.00 | 114.00 | 128.00 | OK | 
Version: 3.0.16
Check: CRAN incoming feasibility
Result: NOTE
  Maintainer: ‘Tore Opsahl <tore@opsahl.co.uk>’
  
  No Authors@R field in DESCRIPTION.
  Please add one, modifying
    Authors@R: person(given = "Tore",
                      family = "Opsahl",
                      role = c("aut", "cre"),
                      email = "tore@opsahl.co.uk")
  as necessary.
  
  Package CITATION file contains call(s) to old-style personList() or
  as.personList().  Please use c() on person objects instead.
  Package CITATION file contains call(s) to old-style citEntry().  Please
  use bibentry() instead.
Flavors: r-devel-linux-x86_64-debian-clang, r-devel-linux-x86_64-debian-gcc