Last updated on 2025-10-31 02:50:46 CET.
| Flavor | Version | Tinstall | Tcheck | Ttotal | Status | Flags | 
|---|---|---|---|---|---|---|
| r-devel-linux-x86_64-debian-clang | 0.7.2 | 87.51 | 56.65 | 144.16 | NOTE | |
| r-devel-linux-x86_64-debian-gcc | 0.7.2 | 52.71 | 40.52 | 93.23 | NOTE | |
| r-devel-linux-x86_64-fedora-clang | 0.7.2 | 104.00 | 171.69 | 275.69 | OK | |
| r-devel-linux-x86_64-fedora-gcc | 0.7.2 | 96.00 | 148.89 | 244.89 | OK | |
| r-devel-windows-x86_64 | 0.7.2 | 103.00 | 90.00 | 193.00 | OK | |
| r-patched-linux-x86_64 | 0.7.2 | 83.39 | 53.39 | 136.78 | OK | |
| r-release-linux-x86_64 | 0.7.2 | 85.48 | 53.86 | 139.34 | OK | |
| r-release-macos-arm64 | 0.7.2 | 33.00 | 52.00 | 85.00 | OK | |
| r-release-macos-x86_64 | 0.7.2 | 26.00 | 63.00 | 89.00 | OK | |
| r-release-windows-x86_64 | 0.7.2 | 106.00 | 95.00 | 201.00 | OK | |
| r-oldrel-macos-arm64 | 0.7.2 | 33.00 | 34.00 | 67.00 | OK | |
| r-oldrel-macos-x86_64 | 0.7.2 | 26.00 | 51.00 | 77.00 | OK | |
| r-oldrel-windows-x86_64 | 0.7.2 | 121.00 | 119.00 | 240.00 | OK | 
Version: 0.7.2
Check: CRAN incoming feasibility
Result: NOTE
  Maintainer: ‘Marjolein Bruijning <m.bruijning@uva.nl>’
  
  No Authors@R field in DESCRIPTION.
  Please add one, modifying
    Authors@R: c(person(given = "Marjolein",
                        family = "Bruijning",
                        role = c("aut", "cre"),
                        email = "m.bruijning@uva.nl"),
                 person(given = c("Marco", "D."),
                        family = "Visser",
                        role = "aut"),
                 person(given = c("Caspar", "A."),
                        family = "Hallmann",
                        role = "aut"),
                 person(given = "Eelke",
                        family = "Jongejans",
                        role = "aut"))
  as necessary.
Flavors: r-devel-linux-x86_64-debian-clang, r-devel-linux-x86_64-debian-gcc