Last updated on 2025-10-31 02:50:46 CET.
| Flavor | Version | Tinstall | Tcheck | Ttotal | Status | Flags | 
|---|---|---|---|---|---|---|
| r-devel-linux-x86_64-debian-clang | 1.1.1 | 2.41 | 34.74 | 37.15 | NOTE | |
| r-devel-linux-x86_64-debian-gcc | 1.1.1 | 1.87 | 27.60 | 29.47 | NOTE | |
| r-devel-linux-x86_64-fedora-clang | 1.1.1 | 56.20 | OK | |||
| r-devel-linux-x86_64-fedora-gcc | 1.1.1 | 67.39 | OK | |||
| r-devel-windows-x86_64 | 1.1.1 | 5.00 | 53.00 | 58.00 | OK | |
| r-patched-linux-x86_64 | 1.1.1 | 2.56 | 31.90 | 34.46 | OK | |
| r-release-linux-x86_64 | 1.1.1 | 2.42 | 31.78 | 34.20 | OK | |
| r-release-macos-arm64 | 1.1.1 | 1.00 | 29.00 | 30.00 | OK | |
| r-release-macos-x86_64 | 1.1.1 | 2.00 | 49.00 | 51.00 | OK | |
| r-release-windows-x86_64 | 1.1.1 | 6.00 | 54.00 | 60.00 | OK | |
| r-oldrel-macos-arm64 | 1.1.1 | 1.00 | 32.00 | 33.00 | OK | |
| r-oldrel-macos-x86_64 | 1.1.1 | 2.00 | 40.00 | 42.00 | OK | |
| r-oldrel-windows-x86_64 | 1.1.1 | 7.00 | 62.00 | 69.00 | OK | 
Version: 1.1.1
Check: CRAN incoming feasibility
Result: NOTE
  Maintainer: ‘Claudio Zandonella Callegher <claudiozandonella@gmail.com>’
  
  Package CITATION file contains call(s) to old-style personList() or
  as.personList().  Please use c() on person objects instead.
  Package CITATION file contains call(s) to old-style citEntry().  Please
  use bibentry() instead.
Flavors: r-devel-linux-x86_64-debian-clang, r-devel-linux-x86_64-debian-gcc