Last updated on 2025-07-24 02:52:29 CEST.
Flavor | Version | Tinstall | Tcheck | Ttotal | Status | Flags |
---|---|---|---|---|---|---|
r-devel-linux-x86_64-debian-clang | 1.1.1 | 2.32 | 33.77 | 36.09 | NOTE | |
r-devel-linux-x86_64-debian-gcc | 1.1.1 | 1.85 | 27.00 | 28.85 | NOTE | |
r-devel-linux-x86_64-fedora-clang | 1.1.1 | 57.97 | OK | |||
r-devel-linux-x86_64-fedora-gcc | 1.1.1 | 70.34 | OK | |||
r-devel-windows-x86_64 | 1.1.1 | 5.00 | 55.00 | 60.00 | OK | |
r-patched-linux-x86_64 | 1.1.1 | 2.38 | 31.13 | 33.51 | OK | |
r-release-linux-x86_64 | 1.1.1 | 2.34 | 30.98 | 33.32 | OK | |
r-release-macos-arm64 | 1.1.1 | 30.00 | OK | |||
r-release-macos-x86_64 | 1.1.1 | 51.00 | OK | |||
r-release-windows-x86_64 | 1.1.1 | 5.00 | 53.00 | 58.00 | OK | |
r-oldrel-macos-arm64 | 1.1.1 | 33.00 | OK | |||
r-oldrel-macos-x86_64 | 1.1.1 | 42.00 | OK | |||
r-oldrel-windows-x86_64 | 1.1.1 | 6.00 | 62.00 | 68.00 | OK |
Version: 1.1.1
Check: CRAN incoming feasibility
Result: NOTE
Maintainer: ‘Claudio Zandonella Callegher <claudiozandonella@gmail.com>’
Package CITATION file contains call(s) to old-style personList() or
as.personList(). Please use c() on person objects instead.
Package CITATION file contains call(s) to old-style citEntry(). Please
use bibentry() instead.
Flavors: r-devel-linux-x86_64-debian-clang, r-devel-linux-x86_64-debian-gcc