Last updated on 2025-10-31 02:50:46 CET.
| Flavor | Version | Tinstall | Tcheck | Ttotal | Status | Flags | 
|---|---|---|---|---|---|---|
| r-devel-linux-x86_64-debian-clang | 0.2.0 | 1.94 | 25.32 | 27.26 | NOTE | |
| r-devel-linux-x86_64-debian-gcc | 0.2.0 | 1.54 | 20.04 | 21.58 | NOTE | |
| r-devel-linux-x86_64-fedora-clang | 0.2.0 | 40.28 | OK | |||
| r-devel-linux-x86_64-fedora-gcc | 0.2.0 | 38.48 | OK | |||
| r-devel-windows-x86_64 | 0.2.0 | 4.00 | 44.00 | 48.00 | OK | |
| r-patched-linux-x86_64 | 0.2.0 | 1.94 | 23.32 | 25.26 | OK | |
| r-release-linux-x86_64 | 0.2.0 | 2.03 | 23.24 | 25.27 | OK | |
| r-release-macos-arm64 | 0.2.0 | 1.00 | 17.00 | 18.00 | OK | |
| r-release-macos-x86_64 | 0.2.0 | 2.00 | 25.00 | 27.00 | OK | |
| r-release-windows-x86_64 | 0.2.0 | 5.00 | 44.00 | 49.00 | OK | |
| r-oldrel-macos-arm64 | 0.2.0 | 1.00 | 19.00 | 20.00 | NOTE | |
| r-oldrel-macos-x86_64 | 0.2.0 | 2.00 | 21.00 | 23.00 | NOTE | |
| r-oldrel-windows-x86_64 | 0.2.0 | 4.00 | 51.00 | 55.00 | NOTE | 
Version: 0.2.0
Check: CRAN incoming feasibility
Result: NOTE
  Maintainer: ‘David Hugh-Jones <davidhughjones@gmail.com>’
  
  No Authors@R field in DESCRIPTION.
  Please add one, modifying
    Authors@R: person(given = "David",
                      family = "Hugh-Jones",
                      role = c("aut", "cre"),
                      email = "davidhughjones@gmail.com")
  as necessary.
  
  Package CITATION file contains call(s) to old-style personList() or
  as.personList().  Please use c() on person objects instead.
  Package CITATION file contains call(s) to old-style citEntry().  Please
  use bibentry() instead.
Flavors: r-devel-linux-x86_64-debian-clang, r-devel-linux-x86_64-debian-gcc
Version: 0.2.0
Check: LazyData
Result: NOTE
    'LazyData' is specified without a 'data' directory
Flavors: r-oldrel-macos-arm64, r-oldrel-macos-x86_64, r-oldrel-windows-x86_64