Last updated on 2025-10-30 02:49:15 CET.
| Flavor | Version | Tinstall | Tcheck | Ttotal | Status | Flags | 
|---|---|---|---|---|---|---|
| r-devel-linux-x86_64-debian-clang | 0.2 | 3.52 | 32.82 | 36.34 | NOTE | |
| r-devel-linux-x86_64-debian-gcc | 0.2 | 2.40 | 25.74 | 28.14 | NOTE | |
| r-devel-linux-x86_64-fedora-clang | 0.2 | 54.19 | OK | |||
| r-devel-linux-x86_64-fedora-gcc | 0.2 | 68.61 | OK | |||
| r-devel-windows-x86_64 | 0.2 | 5.00 | 55.00 | 60.00 | OK | |
| r-patched-linux-x86_64 | 0.2 | 3.89 | 31.18 | 35.07 | OK | |
| r-release-linux-x86_64 | 0.2 | 3.25 | 30.62 | 33.87 | OK | |
| r-release-macos-arm64 | 0.2 | 2.00 | 28.00 | 30.00 | OK | |
| r-release-macos-x86_64 | 0.2 | 4.00 | 45.00 | 49.00 | OK | |
| r-release-windows-x86_64 | 0.2 | 4.00 | 59.00 | 63.00 | OK | |
| r-oldrel-macos-arm64 | 0.2 | 1.00 | 23.00 | 24.00 | OK | |
| r-oldrel-macos-x86_64 | 0.2 | 3.00 | 33.00 | 36.00 | OK | |
| r-oldrel-windows-x86_64 | 0.2 | 4.00 | 58.00 | 62.00 | OK | 
Version: 0.2
Check: CRAN incoming feasibility
Result: NOTE
  Maintainer: ‘Javier López-de-Lacalle <javlacalle@yahoo.es>’
  
  No Authors@R field in DESCRIPTION.
  Please add one, modifying
    Authors@R: person(given = "Javier",
                      family = "López-de-Lacalle",
                      role = c("aut", "cre"),
                      email = "javlacalle@yahoo.es")
  as necessary.
  
  Found the following \keyword or \concept entries
  which likely give several index terms:
    File ‘tsdecomp-package.Rd’:
      \keyword{package, ts}
Flavors: r-devel-linux-x86_64-debian-clang, r-devel-linux-x86_64-debian-gcc