Last updated on 2025-10-31 02:50:46 CET.
| Flavor | Version | Tinstall | Tcheck | Ttotal | Status | Flags | 
|---|---|---|---|---|---|---|
| r-devel-linux-x86_64-debian-clang | 1.2 | 15.47 | 135.47 | 150.94 | NOTE | |
| r-devel-linux-x86_64-debian-gcc | 1.2 | 11.87 | 93.09 | 104.96 | NOTE | |
| r-devel-linux-x86_64-fedora-clang | 1.2 | 38.00 | 194.92 | 232.92 | NOTE | |
| r-devel-linux-x86_64-fedora-gcc | 1.2 | 32.00 | 188.24 | 220.24 | NOTE | |
| r-devel-windows-x86_64 | 1.2 | 19.00 | 122.00 | 141.00 | OK | |
| r-patched-linux-x86_64 | 1.2 | 15.13 | 125.06 | 140.19 | OK | |
| r-release-linux-x86_64 | 1.2 | 16.32 | 124.68 | 141.00 | OK | |
| r-release-macos-arm64 | 1.2 | 8.00 | 47.00 | 55.00 | OK | |
| r-release-macos-x86_64 | 1.2 | 24.00 | 93.00 | 117.00 | OK | |
| r-release-windows-x86_64 | 1.2 | 20.00 | 129.00 | 149.00 | OK | |
| r-oldrel-macos-arm64 | 1.2 | 8.00 | 46.00 | 54.00 | NOTE | |
| r-oldrel-macos-x86_64 | 1.2 | 13.00 | 79.00 | 92.00 | NOTE | |
| r-oldrel-windows-x86_64 | 1.2 | 26.00 | 159.00 | 185.00 | NOTE | 
Version: 1.2
Check: CRAN incoming feasibility
Result: NOTE
  Maintainer: ‘Bernd Bischl <bernd_bischl@gmx.net>’
  
  No Authors@R field in DESCRIPTION.
  Please add one, modifying
    Authors@R: c(person(given = "Bernd",
                        family = "Bischl",
                        role = c("aut", "cre"),
                        email = "bernd_bischl@gmx.net"),
                 person(given = "Jakob",
                        family = "Bossek",
                        role = "aut",
                        email = "jakob.bossek@tu-dortmund.de"),
                 person(given = "Olaf",
                        family = "Mersmann",
                        role = "aut",
                        email = "olafm@p-value.net"))
  as necessary.
  
  Package CITATION file contains call(s) to old-style personList() or
  as.personList().  Please use c() on person objects instead.
  Package CITATION file contains call(s) to old-style citEntry().  Please
  use bibentry() instead.
Flavors: r-devel-linux-x86_64-debian-clang, r-devel-linux-x86_64-debian-gcc
Version: 1.2
Check: compiled code
Result: NOTE
  File ‘tspmeta/libs/tspmeta.so’:
    Found no calls to: ‘R_registerRoutines’, ‘R_useDynamicSymbols’
  
  It is good practice to register native routines and to disable symbol
  search.
  
  See ‘Writing portable packages’ in the ‘Writing R Extensions’ manual.
Flavors: r-devel-linux-x86_64-fedora-clang, r-devel-linux-x86_64-fedora-gcc
Version: 1.2
Check: LazyData
Result: NOTE
    'LazyData' is specified without a 'data' directory
Flavors: r-oldrel-macos-arm64, r-oldrel-macos-x86_64, r-oldrel-windows-x86_64