Last updated on 2025-10-31 02:50:47 CET.
| Flavor | Version | Tinstall | Tcheck | Ttotal | Status | Flags | 
|---|---|---|---|---|---|---|
| r-devel-linux-x86_64-debian-clang | 1.0.2 | 2.28 | 36.26 | 38.54 | NOTE | |
| r-devel-linux-x86_64-debian-gcc | 1.0.2 | 1.70 | 28.83 | 30.53 | NOTE | |
| r-devel-linux-x86_64-fedora-clang | 1.0.2 | 58.28 | NOTE | |||
| r-devel-linux-x86_64-fedora-gcc | 1.0.2 | 69.23 | NOTE | |||
| r-devel-windows-x86_64 | 1.0.2 | 4.00 | 53.00 | 57.00 | NOTE | |
| r-patched-linux-x86_64 | 1.0.2 | 2.29 | 34.76 | 37.05 | NOTE | |
| r-release-linux-x86_64 | 1.0.2 | 1.91 | 34.40 | 36.31 | NOTE | |
| r-release-macos-arm64 | 1.0.2 | 1.00 | 36.00 | 37.00 | NOTE | |
| r-release-macos-x86_64 | 1.0.2 | 3.00 | 61.00 | 64.00 | NOTE | |
| r-release-windows-x86_64 | 1.0.2 | 5.00 | 55.00 | 60.00 | NOTE | |
| r-oldrel-macos-arm64 | 1.0.2 | 2.00 | 25.00 | 27.00 | NOTE | |
| r-oldrel-macos-x86_64 | 1.0.2 | 3.00 | 41.00 | 44.00 | NOTE | |
| r-oldrel-windows-x86_64 | 1.0.2 | 3.00 | 67.00 | 70.00 | NOTE | 
Version: 1.0.2
Check: CRAN incoming feasibility
Result: NOTE
  Maintainer: ‘Anne Le Maitre <anne.le.maitre@univie.ac.at>’
  
  Package CITATION file contains call(s) to old-style citEntry().  Please
  use bibentry() instead.
  
  Found the following URLs which should use \doi (with the DOI name only):
    File ‘Tropheus.IK.coord.Rd’:
      https://doi.org/10.1038/hdy.2013.78
      https://doi.org/10.5061/dryad.fc02f
    File ‘Tropheus.Rd’:
      https://doi.org/10.5061/dryad.fc02f
      https://doi.org/10.1038/hdy.2013.78
    File ‘relative.eigen.Rd’:
      https://doi.org/10.1007/s11692-013-9260-5
Flavors: r-devel-linux-x86_64-debian-clang, r-devel-linux-x86_64-debian-gcc
Version: 1.0.2
Check: Rd files
Result: NOTE
  checkRd: (-1) Tropheus.IK.coord.Rd:23: Lost braces; missing escapes or markup?
      23 | \item \strong{List_TropheusData_ID} {Specimen ID}
         |                                     ^
  checkRd: (-1) Tropheus.IK.coord.Rd:24: Lost braces; missing escapes or markup?
      24 | \item \strong{Extractionnr.} {Extraction number for genomic DNA}
         |                              ^
  checkRd: (-1) Tropheus.IK.coord.Rd:25: Lost braces; missing escapes or markup?
      25 | \item \strong{G} {Group number}
         |                  ^
  checkRd: (-1) Tropheus.IK.coord.Rd:26: Lost braces; missing escapes or markup?
      26 | \item \strong{POP.ID} {Population Id}
         |                       ^
  checkRd: (-1) Tropheus.IK.coord.Rd:27: Lost braces; missing escapes or markup?
      27 | \item \strong{Sex} {Sex}
         |                    ^
  checkRd: (-1) Tropheus.IK.coord.Rd:28: Lost braces; missing escapes or markup?
      28 | \item \strong{Allo.Symp} {Allopatric or sympatric population}
         |                          ^
  checkRd: (-1) Tropheus.IK.coord.Rd:29: Lost braces; missing escapes or markup?
      29 | \item \strong{X1 ... Y19} {Procrustes coordinates of 19 landmarks}
         |                           ^
  checkRd: (-1) Tropheus.IK.coord.Rd:30: Lost braces; missing escapes or markup?
      30 | \item \strong{Pzep3_1 ... UME003_2} {Genotype for 6 microsatellite markers}
         |                                     ^
  checkRd: (-1) Tropheus.Rd:25: Lost braces; missing escapes or markup?
      25 | \item \strong{List_TropheusData_ID} {Specimen ID}
         |                                     ^
  checkRd: (-1) Tropheus.Rd:26: Lost braces; missing escapes or markup?
      26 | \item \strong{Extractionnr.} {Extraction number for genomic DNA}
         |                              ^
  checkRd: (-1) Tropheus.Rd:27: Lost braces; missing escapes or markup?
      27 | \item \strong{G} {Group number}
         |                  ^
  checkRd: (-1) Tropheus.Rd:28: Lost braces; missing escapes or markup?
      28 | \item \strong{POP.ID} {Population Id}
         |                       ^
  checkRd: (-1) Tropheus.Rd:29: Lost braces; missing escapes or markup?
      29 | \item \strong{Sex} {Sex}
         |                    ^
  checkRd: (-1) Tropheus.Rd:30: Lost braces; missing escapes or markup?
      30 | \item \strong{Allo.Symp} {Allopatric or sympatric population}
         |                          ^
  checkRd: (-1) Tropheus.Rd:31: Lost braces; missing escapes or markup?
      31 | \item \strong{X1 ... Y19} {Cartesian coordinates of 19 landmarks}
         |                           ^
  checkRd: (-1) Tropheus.Rd:32: Lost braces; missing escapes or markup?
      32 | \item \strong{Pzep3_1 ... UME003_2} {Genotype for 6 microsatellite markers}
         |                                     ^
Flavors: r-devel-linux-x86_64-debian-clang, r-devel-linux-x86_64-debian-gcc, r-devel-linux-x86_64-fedora-clang, r-devel-linux-x86_64-fedora-gcc, r-devel-windows-x86_64, r-patched-linux-x86_64, r-release-linux-x86_64, r-release-macos-arm64, r-release-macos-x86_64, r-release-windows-x86_64, r-oldrel-macos-arm64, r-oldrel-macos-x86_64, r-oldrel-windows-x86_64