Last updated on 2025-10-31 02:50:47 CET.
| Flavor | Version | Tinstall | Tcheck | Ttotal | Status | Flags | 
|---|---|---|---|---|---|---|
| r-devel-linux-x86_64-debian-clang | 0.1.0 | 5.02 | 46.50 | 51.52 | NOTE | |
| r-devel-linux-x86_64-debian-gcc | 0.1.0 | 3.57 | 33.03 | 36.60 | NOTE | |
| r-devel-linux-x86_64-fedora-clang | 0.1.0 | 12.00 | 65.59 | 77.59 | NOTE | |
| r-devel-linux-x86_64-fedora-gcc | 0.1.0 | 11.00 | 63.01 | 74.01 | NOTE | |
| r-devel-windows-x86_64 | 0.1.0 | 6.00 | 59.00 | 65.00 | OK | |
| r-patched-linux-x86_64 | 0.1.0 | 5.63 | 44.03 | 49.66 | OK | |
| r-release-linux-x86_64 | 0.1.0 | 4.84 | 44.06 | 48.90 | OK | |
| r-release-macos-arm64 | 0.1.0 | 3.00 | 24.00 | 27.00 | OK | |
| r-release-macos-x86_64 | 0.1.0 | 5.00 | 41.00 | 46.00 | OK | |
| r-release-windows-x86_64 | 0.1.0 | 7.00 | 60.00 | 67.00 | OK | |
| r-oldrel-macos-arm64 | 0.1.0 | 3.00 | 21.00 | 24.00 | NOTE | |
| r-oldrel-macos-x86_64 | 0.1.0 | 4.00 | 33.00 | 37.00 | NOTE | |
| r-oldrel-windows-x86_64 | 0.1.0 | 9.00 | 74.00 | 83.00 | NOTE | 
Version: 0.1.0
Check: CRAN incoming feasibility
Result: NOTE
  Maintainer: ‘Tunc Oygur <info@tuncoygur.com.tr>’
  
  No Authors@R field in DESCRIPTION.
  Please add one, modifying
    Authors@R: c(person(given = "Tunc",
                        family = "Oygur",
                        role = c("aut", "cre"),
                        email = "info@tuncoygur.com.tr"),
                 person(given = "Gazanfer",
                        family = "Unal",
                        role = "aut"),
                 person(given = c("Tarik", "C."),
                        family = "Gouhier",
                        role = "ctb"),
                 person(given = "Aslak",
                        family = "Grinsted",
                        role = "ctb"),
                 person(given = "Viliam",
                        family = "Simko",
                        role = "ctb"))
  as necessary.
Flavors: r-devel-linux-x86_64-debian-clang, r-devel-linux-x86_64-debian-gcc
Version: 0.1.0
Check: dependencies in R code
Result: NOTE
  Namespaces in Imports field not imported from:
    ‘Rcpp’ ‘foreach’ ‘iterators’ ‘maps’ ‘spam’
    All declared Imports should be used.
Flavors: r-devel-linux-x86_64-fedora-clang, r-devel-linux-x86_64-fedora-gcc
Version: 0.1.0
Check: LazyData
Result: NOTE
    'LazyData' is specified without a 'data' directory
Flavors: r-oldrel-macos-arm64, r-oldrel-macos-x86_64, r-oldrel-windows-x86_64