Last updated on 2025-10-31 02:50:47 CET.
| Flavor | Version | Tinstall | Tcheck | Ttotal | Status | Flags | 
|---|---|---|---|---|---|---|
| r-devel-linux-x86_64-debian-clang | 1.3 | 7.26 | 42.67 | 49.93 | NOTE | |
| r-devel-linux-x86_64-debian-gcc | 1.3 | 4.66 | 29.32 | 33.98 | NOTE | |
| r-devel-linux-x86_64-fedora-clang | 1.3 | 13.00 | 60.04 | 73.04 | OK | |
| r-devel-linux-x86_64-fedora-gcc | 1.3 | 14.00 | 55.56 | 69.56 | OK | |
| r-devel-windows-x86_64 | 1.3 | 7.00 | 61.00 | 68.00 | OK | |
| r-patched-linux-x86_64 | 1.3 | 7.46 | 40.23 | 47.69 | OK | |
| r-release-linux-x86_64 | 1.3 | 6.17 | 40.38 | 46.55 | OK | |
| r-release-macos-arm64 | 1.3 | 3.00 | 20.00 | 23.00 | OK | |
| r-release-macos-x86_64 | 1.3 | 5.00 | 34.00 | 39.00 | OK | |
| r-release-windows-x86_64 | 1.3 | 6.00 | 65.00 | 71.00 | OK | |
| r-oldrel-macos-arm64 | 1.3 | 3.00 | 18.00 | 21.00 | OK | |
| r-oldrel-macos-x86_64 | 1.3 | 4.00 | 29.00 | 33.00 | OK | |
| r-oldrel-windows-x86_64 | 1.3 | 6.00 | 60.00 | 66.00 | OK | 
Version: 1.3
Check: CRAN incoming feasibility
Result: NOTE
  Maintainer: ‘David J. Sharrow <dsharrow@uw.edu>’
  
  No Authors@R field in DESCRIPTION.
  Please add one, modifying
    Authors@R: c(person(given = "Gregor",
                        family = "Passolt",
                        role = "aut"),
                 person(given = c("James", "J."),
                        family = "Anderson",
                        role = "aut"),
                 person(given = "Ting",
                        family = "Li",
                        role = "aut"),
                 person(given = c("David", "H."),
                        family = "Salinger",
                        role = "aut"),
                 person(given = c("David", "J."),
                        family = "Sharrow",
                        role = c("aut", "cre"),
                        email = "dsharrow@uw.edu"))
  as necessary.
Flavors: r-devel-linux-x86_64-debian-clang, r-devel-linux-x86_64-debian-gcc