Last updated on 2025-10-31 02:50:47 CET.
| Flavor | Version | Tinstall | Tcheck | Ttotal | Status | Flags | 
|---|---|---|---|---|---|---|
| r-devel-linux-x86_64-debian-clang | 0.1.3 | 2.04 | 23.40 | 25.44 | NOTE | |
| r-devel-linux-x86_64-debian-gcc | 0.1.3 | 1.46 | 18.43 | 19.89 | NOTE | |
| r-devel-linux-x86_64-fedora-clang | 0.1.3 | 38.77 | OK | |||
| r-devel-linux-x86_64-fedora-gcc | 0.1.3 | 36.67 | OK | |||
| r-devel-windows-x86_64 | 0.1.3 | 3.00 | 47.00 | 50.00 | OK | |
| r-patched-linux-x86_64 | 0.1.3 | 1.86 | 22.57 | 24.43 | OK | |
| r-release-linux-x86_64 | 0.1.3 | 1.88 | 22.25 | 24.13 | OK | |
| r-release-macos-arm64 | 0.1.3 | 1.00 | 16.00 | 17.00 | OK | |
| r-release-macos-x86_64 | 0.1.3 | 2.00 | 27.00 | 29.00 | OK | |
| r-release-windows-x86_64 | 0.1.3 | 4.00 | 48.00 | 52.00 | OK | |
| r-oldrel-macos-arm64 | 0.1.3 | 1.00 | 15.00 | 16.00 | OK | |
| r-oldrel-macos-x86_64 | 0.1.3 | 2.00 | 27.00 | 29.00 | OK | |
| r-oldrel-windows-x86_64 | 0.1.3 | 4.00 | 51.00 | 55.00 | OK | 
Version: 0.1.3
Check: CRAN incoming feasibility
Result: NOTE
  Maintainer: ‘Andrea Venturini <andrea.venturini@bancaditalia.it>’
  
  No Authors@R field in DESCRIPTION.
  Please add one, modifying
    Authors@R: person(given = "Andrea",
                      family = "Venturini",
                      role = c("aut", "cre"),
                      email = "andrea.venturini@bancaditalia.it")
  as necessary.
Flavors: r-devel-linux-x86_64-debian-clang, r-devel-linux-x86_64-debian-gcc