Last updated on 2025-10-30 02:49:16 CET.
| Flavor | Version | Tinstall | Tcheck | Ttotal | Status | Flags | 
|---|---|---|---|---|---|---|
| r-devel-linux-x86_64-debian-clang | 0.2.1 | 4.80 | 61.73 | 66.53 | OK | |
| r-devel-linux-x86_64-debian-gcc | 0.2.1 | 3.75 | 45.70 | 49.45 | OK | |
| r-devel-linux-x86_64-fedora-clang | 0.2.1 | 11.00 | 91.96 | 102.96 | OK | |
| r-devel-linux-x86_64-fedora-gcc | 0.2.1 | 96.39 | OK | |||
| r-devel-windows-x86_64 | 0.2.1 | 8.00 | 74.00 | 82.00 | OK | |
| r-patched-linux-x86_64 | 0.2.1 | 5.32 | 57.39 | 62.71 | OK | |
| r-release-linux-x86_64 | 0.2.1 | 5.01 | 57.33 | 62.34 | OK | |
| r-release-macos-arm64 | 0.2.1 | 3.00 | 31.00 | 34.00 | OK | |
| r-release-macos-x86_64 | 0.2.1 | 5.00 | 53.00 | 58.00 | OK | |
| r-release-windows-x86_64 | 0.2.1 | 8.00 | 73.00 | 81.00 | OK | |
| r-oldrel-macos-arm64 | 0.2.1 | 3.00 | 36.00 | 39.00 | NOTE | |
| r-oldrel-macos-x86_64 | 0.2.1 | 5.00 | 56.00 | 61.00 | NOTE | |
| r-oldrel-windows-x86_64 | 0.2.1 | 12.00 | 88.00 | 100.00 | NOTE | 
Version: 0.2.1
Check: installed package size
Result: NOTE
    installed size is  5.4Mb
    sub-directories of 1Mb or more:
      help   4.4Mb
Flavors: r-oldrel-macos-arm64, r-oldrel-macos-x86_64, r-oldrel-windows-x86_64