Last updated on 2025-10-31 02:50:47 CET.
| Flavor | Version | Tinstall | Tcheck | Ttotal | Status | Flags | 
|---|---|---|---|---|---|---|
| r-devel-linux-x86_64-debian-clang | 0.3-0.2 | 7.26 | 42.09 | 49.35 | NOTE | |
| r-devel-linux-x86_64-debian-gcc | 0.3-0.2 | 4.49 | 30.14 | 34.63 | NOTE | |
| r-devel-linux-x86_64-fedora-clang | 0.3-0.2 | 13.00 | 58.11 | 71.11 | NOTE | |
| r-devel-linux-x86_64-fedora-gcc | 0.3-0.2 | 13.00 | 55.16 | 68.16 | NOTE | |
| r-devel-windows-x86_64 | 0.3-0.2 | 9.00 | 62.00 | 71.00 | OK | |
| r-patched-linux-x86_64 | 0.3-0.2 | 7.43 | 39.46 | 46.89 | OK | |
| r-release-linux-x86_64 | 0.3-0.2 | 5.15 | 39.50 | 44.65 | OK | |
| r-release-macos-arm64 | 0.3-0.2 | 3.00 | 21.00 | 24.00 | OK | |
| r-release-macos-x86_64 | 0.3-0.2 | 7.00 | 40.00 | 47.00 | OK | |
| r-release-windows-x86_64 | 0.3-0.2 | 11.00 | 66.00 | 77.00 | OK | |
| r-oldrel-macos-arm64 | 0.3-0.2 | 4.00 | 19.00 | 23.00 | OK | |
| r-oldrel-macos-x86_64 | 0.3-0.2 | 5.00 | 31.00 | 36.00 | OK | |
| r-oldrel-windows-x86_64 | 0.3-0.2 | 9.00 | 61.00 | 70.00 | OK | 
Version: 0.3-0.2
Check: CRAN incoming feasibility
Result: NOTE
  Maintainer: ‘Eric Aldrich <ealdrich@gmail.com>’
  
  No Authors@R field in DESCRIPTION.
  Please add one, modifying
    Authors@R: person(given = "Eric",
                      family = "Aldrich",
                      role = c("aut", "cre"),
                      email = "ealdrich@gmail.com")
  as necessary.
Flavors: r-devel-linux-x86_64-debian-clang, r-devel-linux-x86_64-debian-gcc
Version: 0.3-0.2
Check: compiled code
Result: NOTE
  File ‘wavelets/libs/wavelets.so’:
    Found no calls to: ‘R_registerRoutines’, ‘R_useDynamicSymbols’
  
  It is good practice to register native routines and to disable symbol
  search.
  
  See ‘Writing portable packages’ in the ‘Writing R Extensions’ manual.
Flavors: r-devel-linux-x86_64-fedora-clang, r-devel-linux-x86_64-fedora-gcc