Last updated on 2025-10-31 02:50:47 CET.
| Flavor | Version | Tinstall | Tcheck | Ttotal | Status | Flags | 
|---|---|---|---|---|---|---|
| r-devel-linux-x86_64-debian-clang | 0.1 | 2.74 | 28.90 | 31.64 | NOTE | |
| r-devel-linux-x86_64-debian-gcc | 0.1 | 2.06 | 22.74 | 24.80 | NOTE | |
| r-devel-linux-x86_64-fedora-clang | 0.1 | 47.81 | OK | |||
| r-devel-linux-x86_64-fedora-gcc | 0.1 | 44.95 | OK | |||
| r-devel-windows-x86_64 | 0.1 | 4.00 | 45.00 | 49.00 | OK | |
| r-patched-linux-x86_64 | 0.1 | 2.09 | 27.50 | 29.59 | OK | |
| r-release-linux-x86_64 | 0.1 | 2.70 | 27.49 | 30.19 | OK | |
| r-release-macos-arm64 | 0.1 | 2.00 | 18.00 | 20.00 | OK | |
| r-release-macos-x86_64 | 0.1 | 3.00 | 28.00 | 31.00 | OK | |
| r-release-windows-x86_64 | 0.1 | 5.00 | 48.00 | 53.00 | OK | |
| r-oldrel-macos-arm64 | 0.1 | 1.00 | 18.00 | 19.00 | OK | |
| r-oldrel-macos-x86_64 | 0.1 | 2.00 | 24.00 | 26.00 | OK | |
| r-oldrel-windows-x86_64 | 0.1 | 5.00 | 58.00 | 63.00 | OK | 
Version: 0.1
Check: CRAN incoming feasibility
Result: NOTE
  Maintainer: ‘Han Yu <hyu9@buffalo.edu>’
  
  No Authors@R field in DESCRIPTION.
  Please add one, modifying
    Authors@R: c(person(given = "Han",
                        family = "Yu",
                        role = c("aut", "cre"),
                        email = "hyu9@buffalo.edu"),
                 person(given = c("Rachael", "Hageman"),
                        family = "Blair",
                        role = "aut"))
  as necessary.
Flavors: r-devel-linux-x86_64-debian-clang, r-devel-linux-x86_64-debian-gcc