Last updated on 2025-10-31 02:50:47 CET.
| Flavor | Version | Tinstall | Tcheck | Ttotal | Status | Flags | 
|---|---|---|---|---|---|---|
| r-devel-linux-x86_64-debian-clang | 0.1.2 | 1.62 | 28.34 | 29.96 | NOTE | |
| r-devel-linux-x86_64-debian-gcc | 0.1.2 | 1.41 | 24.20 | 25.61 | NOTE | |
| r-devel-linux-x86_64-fedora-clang | 0.1.2 | 45.17 | OK | |||
| r-devel-linux-x86_64-fedora-gcc | 0.1.2 | 56.37 | OK | |||
| r-devel-windows-x86_64 | 0.1.2 | 4.00 | 45.00 | 49.00 | OK | |
| r-patched-linux-x86_64 | 0.1.2 | 1.73 | 26.45 | 28.18 | OK | |
| r-release-linux-x86_64 | 0.1.2 | 1.64 | 26.42 | 28.06 | OK | |
| r-release-macos-arm64 | 0.1.2 | 1.00 | 24.00 | 25.00 | OK | |
| r-release-macos-x86_64 | 0.1.2 | 1.00 | 43.00 | 44.00 | OK | |
| r-release-windows-x86_64 | 0.1.2 | 4.00 | 47.00 | 51.00 | OK | |
| r-oldrel-macos-arm64 | 0.1.2 | 1.00 | 24.00 | 25.00 | OK | |
| r-oldrel-macos-x86_64 | 0.1.2 | 2.00 | 34.00 | 36.00 | OK | |
| r-oldrel-windows-x86_64 | 0.1.2 | 4.00 | 52.00 | 56.00 | OK | 
Version: 0.1.2
Check: CRAN incoming feasibility
Result: NOTE
  Maintainer: ‘Novica Nakov <nnovica@gmail.com>’
  
  The BugReports field in DESCRIPTION has
    https://github.com/windsor-ai/windsoraiR/
  which should likely be
    https://github.com/windsor-ai/windsoraiR/issues
  instead.
Flavors: r-devel-linux-x86_64-debian-clang, r-devel-linux-x86_64-debian-gcc