Last updated on 2025-07-24 02:52:30 CEST.
Flavor | Version | Tinstall | Tcheck | Ttotal | Status | Flags |
---|---|---|---|---|---|---|
r-devel-linux-x86_64-debian-clang | 0.1.2 | 1.46 | 26.43 | 27.89 | NOTE | |
r-devel-linux-x86_64-debian-gcc | 0.1.2 | 1.41 | 22.23 | 23.64 | NOTE | |
r-devel-linux-x86_64-fedora-clang | 0.1.2 | 42.69 | OK | |||
r-devel-linux-x86_64-fedora-gcc | 0.1.2 | 55.83 | OK | |||
r-devel-windows-x86_64 | 0.1.2 | 3.00 | 46.00 | 49.00 | OK | |
r-patched-linux-x86_64 | 0.1.2 | 1.52 | 24.44 | 25.96 | OK | |
r-release-linux-x86_64 | 0.1.2 | 1.56 | 24.33 | 25.89 | OK | |
r-release-macos-arm64 | 0.1.2 | 25.00 | OK | |||
r-release-macos-x86_64 | 0.1.2 | 44.00 | OK | |||
r-release-windows-x86_64 | 0.1.2 | 2.00 | 44.00 | 46.00 | OK | |
r-oldrel-macos-arm64 | 0.1.2 | 25.00 | OK | |||
r-oldrel-macos-x86_64 | 0.1.2 | 36.00 | OK | |||
r-oldrel-windows-x86_64 | 0.1.2 | 4.00 | 50.00 | 54.00 | OK |
Version: 0.1.2
Check: CRAN incoming feasibility
Result: NOTE
Maintainer: ‘Novica Nakov <nnovica@gmail.com>’
The BugReports field in DESCRIPTION has
https://github.com/windsor-ai/windsoraiR/
which should likely be
https://github.com/windsor-ai/windsoraiR/issues
instead.
Flavors: r-devel-linux-x86_64-debian-clang, r-devel-linux-x86_64-debian-gcc