Last updated on 2025-10-31 02:50:47 CET.
| Flavor | Version | Tinstall | Tcheck | Ttotal | Status | Flags | 
|---|---|---|---|---|---|---|
| r-devel-linux-x86_64-debian-clang | 0.6.1 | 2.88 | 36.37 | 39.25 | ERROR | |
| r-devel-linux-x86_64-debian-gcc | 0.6.1 | 2.25 | 28.35 | 30.60 | OK | |
| r-devel-linux-x86_64-fedora-clang | 0.6.1 | 59.44 | ERROR | |||
| r-devel-linux-x86_64-fedora-gcc | 0.6.1 | 16.00 | 42.80 | 58.80 | ERROR | |
| r-devel-windows-x86_64 | 0.6.1 | 5.00 | 65.00 | 70.00 | OK | |
| r-patched-linux-x86_64 | 0.6.1 | 3.29 | 34.32 | 37.61 | ERROR | |
| r-release-linux-x86_64 | 0.6.1 | 3.17 | 33.84 | 37.01 | ERROR | |
| r-release-macos-arm64 | 0.6.1 | 2.00 | 26.00 | 28.00 | OK | |
| r-release-macos-x86_64 | 0.6.1 | 3.00 | 38.00 | 41.00 | OK | |
| r-release-windows-x86_64 | 0.6.1 | 5.00 | 90.00 | 95.00 | ERROR | |
| r-oldrel-macos-arm64 | 0.6.1 | 2.00 | 32.00 | 34.00 | OK | |
| r-oldrel-macos-x86_64 | 0.6.1 | 3.00 | 44.00 | 47.00 | OK | |
| r-oldrel-windows-x86_64 | 0.6.1 | 6.00 | 66.00 | 72.00 | OK | 
Version: 0.6.1
Check: examples
Result: ERROR
  Running examples in ‘worldbank-Ex.R’ failed
  The error most likely occurred in:
  
  > base::assign(".ptime", proc.time(), pos = "CheckExEnv")
  > ### Name: wb_source
  > ### Title: World Bank source data
  > ### Aliases: wb_source
  > 
  > ### ** Examples
  > 
  > wb_source()
  Error in `req_perform()`:
  ! HTTP 400 Bad Request.
  Backtrace:
       ▆
    1. └─worldbank::wb_source()
    2.   └─worldbank:::worldbank(resource = resource, lang = lang)
    3.     ├─httr2::resp_body_json(...)
    4.     │ └─httr2:::check_response(resp)
    5.     │   └─httr2:::is_response(resp)
    6.     └─httr2::req_perform(...)
    7.       └─httr2:::handle_resp(req, resp, error_call = error_call)
    8.         └─httr2:::resp_failure_cnd(req, resp, error_call = error_call)
    9.           ├─rlang::catch_cnd(...)
   10.           │ ├─rlang::eval_bare(...)
   11.           │ ├─base::tryCatch(...)
   12.           │ │ └─base (local) tryCatchList(expr, classes, parentenv, handlers)
   13.           │ │   └─base (local) tryCatchOne(expr, names, parentenv, handlers[[1L]])
   14.           │ │     └─base (local) doTryCatch(return(expr), name, parentenv, handler)
   15.           │ └─base::force(expr)
   16.           └─rlang::abort(...)
  Execution halted
Flavors: r-devel-linux-x86_64-debian-clang, r-patched-linux-x86_64, r-release-linux-x86_64
Version: 0.6.1
Check: examples
Result: ERROR
  Running examples in ‘worldbank-Ex.R’ failed
  The error most likely occurred in:
  
  > ### Name: wb_source
  > ### Title: World Bank source data
  > ### Aliases: wb_source
  > 
  > ### ** Examples
  > 
  > wb_source()
  Error in `req_perform()`:
  ! HTTP 400 Bad Request.
  Backtrace:
       ▆
    1. └─worldbank::wb_source()
    2.   └─worldbank:::worldbank(resource = resource, lang = lang)
    3.     ├─httr2::resp_body_json(...)
    4.     │ └─httr2:::check_response(resp)
    5.     │   └─httr2:::is_response(resp)
    6.     └─httr2::req_perform(...)
    7.       └─httr2:::handle_resp(req, resp, error_call = error_call)
    8.         └─httr2:::resp_failure_cnd(req, resp, error_call = error_call)
    9.           ├─rlang::catch_cnd(...)
   10.           │ ├─rlang::eval_bare(...)
   11.           │ ├─base::tryCatch(...)
   12.           │ │ └─base (local) tryCatchList(expr, classes, parentenv, handlers)
   13.           │ │   └─base (local) tryCatchOne(expr, names, parentenv, handlers[[1L]])
   14.           │ │     └─base (local) doTryCatch(return(expr), name, parentenv, handler)
   15.           │ └─base::force(expr)
   16.           └─rlang::abort(...)
  Execution halted
Flavors: r-devel-linux-x86_64-fedora-clang, r-devel-linux-x86_64-fedora-gcc, r-release-windows-x86_64