Last updated on 2025-10-31 02:50:47 CET.
| Flavor | Version | Tinstall | Tcheck | Ttotal | Status | Flags | 
|---|---|---|---|---|---|---|
| r-devel-linux-x86_64-debian-clang | 1.2-0 | 1.34 | 26.06 | 27.40 | NOTE | |
| r-devel-linux-x86_64-debian-gcc | 1.2-0 | 1.18 | 21.15 | 22.33 | NOTE | |
| r-devel-linux-x86_64-fedora-clang | 1.2-0 | 39.37 | NOTE | |||
| r-devel-linux-x86_64-fedora-gcc | 1.2-0 | 37.18 | NOTE | |||
| r-devel-windows-x86_64 | 1.2-0 | 4.00 | 47.00 | 51.00 | NOTE | |
| r-patched-linux-x86_64 | 1.2-0 | 1.49 | 24.38 | 25.87 | NOTE | |
| r-release-linux-x86_64 | 1.2-0 | 1.33 | 24.29 | 25.62 | NOTE | |
| r-release-macos-arm64 | 1.2-0 | 1.00 | 17.00 | 18.00 | NOTE | |
| r-release-macos-x86_64 | 1.2-0 | 1.00 | 27.00 | 28.00 | NOTE | |
| r-release-windows-x86_64 | 1.2-0 | 6.00 | 53.00 | 59.00 | NOTE | |
| r-oldrel-macos-arm64 | 1.2-0 | 1.00 | 16.00 | 17.00 | NOTE | |
| r-oldrel-macos-x86_64 | 1.2-0 | 1.00 | 23.00 | 24.00 | NOTE | |
| r-oldrel-windows-x86_64 | 1.2-0 | 4.00 | 47.00 | 51.00 | NOTE | 
Version: 1.2-0
Check: CRAN incoming feasibility
Result: NOTE
  Maintainer: ‘Hana Sevcikova <hanas@uw.edu>’
  
  No Authors@R field in DESCRIPTION.
  Please add one, modifying
    Authors@R: c(person(given = "Hana",
                        family = "Sevcikova",
                        role = c("aut", "cre"),
                        email = "hanas@uw.edu"),
                 person(given = "Patrick",
                        family = "Gerland",
                        role = "aut",
                        email = "gerland@un.org"))
  as necessary.
Flavors: r-devel-linux-x86_64-debian-clang, r-devel-linux-x86_64-debian-gcc
Version: 1.2-0
Check: DESCRIPTION meta-information
Result: NOTE
  Malformed Description field: should contain one or more complete sentences.
Flavors: r-devel-linux-x86_64-debian-clang, r-devel-linux-x86_64-debian-gcc, r-devel-linux-x86_64-fedora-clang, r-devel-linux-x86_64-fedora-gcc, r-devel-windows-x86_64, r-patched-linux-x86_64, r-release-linux-x86_64, r-release-macos-arm64, r-release-macos-x86_64, r-release-windows-x86_64, r-oldrel-macos-arm64, r-oldrel-macos-x86_64, r-oldrel-windows-x86_64
Version: 1.2-0
Check: installed package size
Result: NOTE
    installed size is  6.7Mb
    sub-directories of 1Mb or more:
      data   6.6Mb
Flavors: r-oldrel-macos-arm64, r-oldrel-macos-x86_64, r-oldrel-windows-x86_64