Last updated on 2025-10-31 02:50:47 CET.
| Flavor | Version | Tinstall | Tcheck | Ttotal | Status | Flags | 
|---|---|---|---|---|---|---|
| r-devel-linux-x86_64-debian-clang | 2.2-1 | 1.45 | 36.06 | 37.51 | NOTE | |
| r-devel-linux-x86_64-debian-gcc | 2.2-1 | 1.22 | 29.25 | 30.47 | NOTE | |
| r-devel-linux-x86_64-fedora-clang | 2.2-1 | 52.85 | NOTE | |||
| r-devel-linux-x86_64-fedora-gcc | 2.2-1 | 50.34 | NOTE | |||
| r-devel-windows-x86_64 | 2.2-1 | 5.00 | 59.00 | 64.00 | NOTE | |
| r-patched-linux-x86_64 | 2.2-1 | 1.68 | 34.23 | 35.91 | NOTE | |
| r-release-linux-x86_64 | 2.2-1 | 1.58 | 34.16 | 35.74 | NOTE | |
| r-release-macos-arm64 | 2.2-1 | 1.00 | 24.00 | 25.00 | NOTE | |
| r-release-macos-x86_64 | 2.2-1 | 1.00 | 42.00 | 43.00 | NOTE | |
| r-release-windows-x86_64 | 2.2-1 | 6.00 | 65.00 | 71.00 | NOTE | |
| r-oldrel-macos-arm64 | 2.2-1 | 1.00 | 29.00 | 30.00 | NOTE | |
| r-oldrel-macos-x86_64 | 2.2-1 | 2.00 | 34.00 | 36.00 | NOTE | |
| r-oldrel-windows-x86_64 | 2.2-1 | 5.00 | 58.00 | 63.00 | NOTE | 
Version: 2.2-1
Check: CRAN incoming feasibility
Result: NOTE
  Maintainer: ‘Hana Sevcikova <hanas@uw.edu>’
  
  No Authors@R field in DESCRIPTION.
  Please add one, modifying
    Authors@R: c(person(given = "Hana",
                        family = "Sevcikova",
                        role = c("aut", "cre"),
                        email = "hanas@uw.edu",
                        comment = "hanas@uw.edu"),
                 person(given = "Patrick",
                        family = "Gerland",
                        role = "aut",
                        comment = "gerland@un.org"),
                 person(given = "Kirill",
                        family = "Andreev",
                        role = "aut",
                        comment = "andreev@un.org"),
                 person(given = "Nan",
                        family = "Li",
                        role = "aut",
                        comment = "li32@un.org"),
                 person(given = "Danan",
                        family = "Gu",
                        role = "aut",
                        comment = "gud@un.org"),
                 person(given = "Thomas",
                        family = "Spoorenberg",
                        role = "aut",
                        comment = "spoorenberg@un.org"))
  as necessary.
Flavors: r-devel-linux-x86_64-debian-clang, r-devel-linux-x86_64-debian-gcc
Version: 2.2-1
Check: DESCRIPTION meta-information
Result: NOTE
  Malformed Description field: should contain one or more complete sentences.
Flavors: r-devel-linux-x86_64-debian-clang, r-devel-linux-x86_64-debian-gcc, r-devel-linux-x86_64-fedora-clang, r-devel-linux-x86_64-fedora-gcc, r-devel-windows-x86_64, r-patched-linux-x86_64, r-release-linux-x86_64, r-release-macos-arm64, r-release-macos-x86_64, r-release-windows-x86_64, r-oldrel-macos-arm64, r-oldrel-macos-x86_64, r-oldrel-windows-x86_64
Version: 2.2-1
Check: installed package size
Result: NOTE
    installed size is 12.8Mb
    sub-directories of 1Mb or more:
      data  12.7Mb
Flavors: r-oldrel-macos-arm64, r-oldrel-macos-x86_64, r-oldrel-windows-x86_64